CRAN Package Check Results for Package sweep

Last updated on 2019-11-10 23:48:42 CET.

Flavor Version Tinstall Tcheck Ttotal Status Flags
r-devel-linux-x86_64-debian-clang 0.2.2 5.36 138.44 143.80 OK
r-devel-linux-x86_64-debian-gcc 0.2.2 5.28 102.04 107.32 OK
r-devel-linux-x86_64-fedora-clang 0.2.2 174.54 NOTE
r-devel-linux-x86_64-fedora-gcc 0.2.2 167.98 NOTE
r-devel-windows-ix86+x86_64 0.2.2 14.00 160.00 174.00 OK
r-patched-linux-x86_64 0.2.2 5.78 131.11 136.89 OK
r-patched-solaris-x86 0.2.2 251.90 NOTE
r-release-linux-x86_64 0.2.2 5.75 132.33 138.08 OK
r-release-windows-ix86+x86_64 0.2.2 19.00 201.00 220.00 OK
r-release-osx-x86_64 0.2.2 NOTE
r-oldrel-windows-ix86+x86_64 0.2.2 12.00 185.00 197.00 OK
r-oldrel-osx-x86_64 0.2.2 NOTE

Check Details

Version: 0.2.2
Check: dependencies in R code
Result: NOTE
    Namespaces in Imports field not imported from:
     ‘lazyeval’ ‘lubridate’ ‘tidyr’
     All declared Imports should be used.
Flavors: r-devel-linux-x86_64-fedora-clang, r-devel-linux-x86_64-fedora-gcc, r-patched-solaris-x86, r-release-osx-x86_64, r-oldrel-osx-x86_64