Last updated on 2022-07-05 23:55:53 CEST.
Flavor | Version | Tinstall | Tcheck | Ttotal | Status | Flags |
---|---|---|---|---|---|---|
r-devel-linux-x86_64-debian-clang | 0.2.3 | 17.75 | 256.15 | 273.90 | OK | |
r-devel-linux-x86_64-debian-gcc | 0.2.3 | 14.03 | 186.70 | 200.73 | OK | |
r-devel-linux-x86_64-fedora-clang | 0.2.3 | 320.19 | NOTE | |||
r-devel-linux-x86_64-fedora-gcc | 0.2.3 | 327.03 | NOTE | |||
r-devel-windows-x86_64 | 0.2.3 | 29.00 | 283.00 | 312.00 | OK | |
r-patched-linux-x86_64 | 0.2.3 | 21.37 | 238.81 | 260.18 | OK | |
r-release-linux-x86_64 | 0.2.3 | 11.47 | 243.64 | 255.11 | OK | |
r-release-macos-arm64 | 0.2.3 | 92.00 | NOTE | |||
r-release-macos-x86_64 | 0.2.3 | 146.00 | NOTE | |||
r-release-windows-x86_64 | 0.2.3 | 32.00 | 286.00 | 318.00 | OK | |
r-oldrel-macos-arm64 | 0.2.3 | 148.00 | NOTE | |||
r-oldrel-macos-x86_64 | 0.2.3 | 184.00 | NOTE | |||
r-oldrel-windows-ix86+x86_64 | 0.2.3 | 41.00 | 299.00 | 340.00 | OK |
Version: 0.2.3
Check: dependencies in R code
Result: NOTE
Namespaces in Imports field not imported from:
‘lubridate’ ‘tidyr’
All declared Imports should be used.
Flavors: r-devel-linux-x86_64-fedora-clang, r-devel-linux-x86_64-fedora-gcc, r-release-macos-arm64, r-release-macos-x86_64, r-oldrel-macos-arm64, r-oldrel-macos-x86_64