CRAN Package Check Results for Package swapClass

Last updated on 2020-05-24 23:47:57 CEST.

Flavor Version Tinstall Tcheck Ttotal Status Flags
r-devel-linux-x86_64-debian-clang 1.0.1 3.39 35.49 38.88 OK
r-devel-linux-x86_64-debian-gcc 1.0.1 2.37 26.92 29.29 OK
r-devel-linux-x86_64-fedora-clang 1.0.1 47.19 OK
r-devel-linux-x86_64-fedora-gcc 1.0.1 45.84 OK
r-devel-windows-ix86+x86_64 1.0.1 21.00 67.00 88.00 OK
r-patched-linux-x86_64 1.0.1 2.98 33.07 36.05 OK
r-patched-solaris-x86 1.0.1 103.10 OK
r-release-linux-x86_64 1.0.1 2.73 32.83 35.56 OK
r-release-osx-x86_64 1.0.1 NOTE
r-release-windows-ix86+x86_64 1.0.1 14.00 93.00 107.00 OK
r-oldrel-osx-x86_64 1.0.1 OK
r-oldrel-windows-ix86+x86_64 1.0.1 11.00 76.00 87.00 OK

Check Details

Version: 1.0.1
Check: R code for possible problems
Result: NOTE
    ld: warning: text-based stub file /System/Library/Frameworks//CoreFoundation.framework/CoreFoundation.tbd and library file /System/Library/Frameworks//CoreFoundation.framework/CoreFoundation are out of sync. Falling back to library file for linking.
Flavor: r-release-osx-x86_64