CRAN Package Check Results for Package survminer

Last updated on 2019-07-15 00:50:53 CEST.

Flavor Version Tinstall Tcheck Ttotal Status Flags
r-devel-linux-x86_64-debian-clang 0.4.4 13.40 198.12 211.52 OK
r-devel-linux-x86_64-debian-gcc 0.4.4 11.82 150.26 162.08 OK
r-devel-linux-x86_64-fedora-clang 0.4.4 240.90 NOTE
r-devel-linux-x86_64-fedora-gcc 0.4.4 247.17 OK
r-devel-windows-ix86+x86_64 0.4.4 22.00 194.00 216.00 NOTE
r-patched-linux-x86_64 0.4.4 13.88 192.04 205.92 OK
r-patched-solaris-x86 0.4.4 321.90 NOTE
r-release-linux-x86_64 0.4.4 11.30 192.76 204.06 OK
r-release-windows-ix86+x86_64 0.4.4 25.00 258.00 283.00 NOTE
r-release-osx-x86_64 0.4.4 NOTE
r-oldrel-windows-ix86+x86_64 0.4.4 27.00 246.00 273.00 NOTE
r-oldrel-osx-x86_64 0.4.4 NOTE

Check Details

Version: 0.4.4
Check: installed package size
Result: NOTE
     installed size is 5.6Mb
     sub-directories of 1Mb or more:
     doc 5.1Mb
Flavors: r-devel-linux-x86_64-fedora-clang, r-devel-windows-ix86+x86_64, r-patched-solaris-x86, r-release-windows-ix86+x86_64, r-release-osx-x86_64, r-oldrel-windows-ix86+x86_64, r-oldrel-osx-x86_64