CRAN Package Check Results for Package survivalAnalysis

Last updated on 2025-01-16 00:49:47 CET.

Flavor Version Tinstall Tcheck Ttotal Status Flags
r-devel-linux-x86_64-debian-clang 0.3.0 13.17 125.16 138.33 NOTE
r-devel-linux-x86_64-debian-gcc 0.3.0 9.69 88.27 97.96 NOTE
r-devel-linux-x86_64-fedora-clang 0.3.0 219.93 OK
r-devel-linux-x86_64-fedora-gcc 0.3.0 220.52 OK
r-devel-windows-x86_64 0.3.0 14.00 130.00 144.00 NOTE
r-patched-linux-x86_64 0.3.0 19.56 114.92 134.48 OK
r-release-linux-x86_64 0.3.0 10.33 114.96 125.29 OK
r-release-macos-arm64 0.3.0 69.00 OK
r-release-macos-x86_64 0.3.0 97.00 OK
r-release-windows-x86_64 0.3.0 14.00 131.00 145.00 OK
r-oldrel-macos-arm64 0.3.0 73.00 OK
r-oldrel-macos-x86_64 0.3.0 114.00 OK
r-oldrel-windows-x86_64 0.3.0 15.00 161.00 176.00 OK

Check Details

Version: 0.3.0
Check: Rd cross-references
Result: NOTE Found the following Rd file(s) with Rd \link{} targets missing package anchors: forest_plot.Rd: draw_label forest_plot_grid.Rd: plot_grid kaplan_meier_grid.Rd: ggsurvplot, save_pdf, marrangeGrob kaplan_meier_plot.Rd: ggsurvplot, save_pdf pluck_multivariate_analysis.Rd: coxph pluck_survival_analysis.Rd: survfit, survdiff, coxph Please provide package anchors for all Rd \link{} targets not in the package itself and the base packages. Flavors: r-devel-linux-x86_64-debian-clang, r-devel-linux-x86_64-debian-gcc, r-devel-windows-x86_64