CRAN Package Check Results for Package survival

Last updated on 2020-08-04 23:48:51 CEST.

Flavor Version Tinstall Tcheck Ttotal Status Flags
r-devel-linux-x86_64-debian-clang 3.2-3 63.48 570.85 634.33 OK
r-devel-linux-x86_64-debian-gcc 3.2-3 43.67 428.56 472.23 OK
r-devel-linux-x86_64-fedora-clang 3.2-3 751.44 NOTE
r-devel-linux-x86_64-fedora-gcc 3.2-3 735.10 OK
r-devel-windows-ix86+x86_64 3.2-3 152.00 810.00 962.00 NOTE
r-patched-linux-x86_64 3.2-3 48.93 553.38 602.31 OK
r-patched-solaris-x86 3.2-3 NOTE
r-release-linux-x86_64 3.2-3 47.46 559.75 607.21 OK
r-release-macos-x86_64 3.2-3 NOTE
r-release-windows-ix86+x86_64 3.2-3 142.00 1101.00 1243.00 NOTE
r-oldrel-macos-x86_64 3.2-3 NOTE
r-oldrel-windows-ix86+x86_64 3.2-3 107.00 1082.00 1189.00 NOTE

Check Details

Version: 3.2-3
Check: installed package size
Result: NOTE
     installed size is 9.0Mb
     sub-directories of 1Mb or more:
     R 1.1Mb
     data 3.2Mb
     doc 3.4Mb
Flavors: r-devel-linux-x86_64-fedora-clang, r-devel-windows-ix86+x86_64, r-patched-solaris-x86, r-release-macos-x86_64, r-release-windows-ix86+x86_64, r-oldrel-macos-x86_64, r-oldrel-windows-ix86+x86_64