CRAN Package Check Results for Package survey

Last updated on 2018-01-16 02:49:21 CET.

Flavor Version Tinstall Tcheck Ttotal Status Flags
r-devel-linux-x86_64-debian-clang 3.32-1 4.37 244.29 248.66 OK
r-devel-linux-x86_64-debian-gcc 3.32-1 4.28 207.03 211.31 OK
r-devel-linux-x86_64-fedora-clang 3.32-1 300.67 OK
r-devel-linux-x86_64-fedora-gcc 3.32-1 314.46 OK
r-devel-windows-ix86+x86_64 3.32-1 10.00 340.00 350.00 OK
r-patched-linux-x86_64 3.32-1 4.70 281.96 286.66 OK
r-patched-solaris-x86 3.32-1 478.70 OK
r-release-linux-x86_64 3.32-1 5.31 283.88 289.19 OK
r-release-windows-ix86+x86_64 3.32-1 18.00 356.00 374.00 OK
r-release-osx-x86_64 3.32-1 OK
r-oldrel-windows-ix86+x86_64 3.32-1 18.00 203.00 221.00 OK
r-oldrel-osx-x86_64 3.32-1 NOTE

Check Details

Version: 3.32-1
Check: package dependencies
Result: NOTE
    Package suggested but not available for checking: ‘RODBC’
Flavor: r-oldrel-osx-x86_64