CRAN Package Check Results for Package surveillance

Last updated on 2022-10-05 00:04:44 CEST.

Flavor Version Tinstall Tcheck Ttotal Status Flags
r-devel-linux-x86_64-debian-clang 1.20.1 72.96 567.67 640.63 NOTE
r-devel-linux-x86_64-debian-gcc 1.20.1 55.50 409.05 464.55 NOTE
r-devel-linux-x86_64-fedora-clang 1.20.1 540.63 WARN
r-devel-linux-x86_64-fedora-gcc 1.20.1 611.00 OK
r-devel-windows-x86_64 1.20.1 452.00 364.00 816.00 NOTE --no-vignettes
r-patched-linux-x86_64 1.20.1 68.90 525.72 594.62 NOTE
r-release-linux-x86_64 1.20.1 60.38 529.75 590.13 NOTE
r-release-macos-arm64 1.20.1 240.00 NOTE
r-release-macos-x86_64 1.20.1 337.00 NOTE
r-release-windows-x86_64 1.20.1 422.00 392.00 814.00 NOTE --no-vignettes
r-oldrel-macos-arm64 1.20.1 229.00 NOTE
r-oldrel-macos-x86_64 1.20.1 338.00 NOTE
r-oldrel-windows-ix86+x86_64 1.20.1 138.00 655.00 793.00 NOTE --no-vignettes

Additional issues

clang15 clang15 noSuggests

Check Details

Version: 1.20.1
Check: package dependencies
Result: NOTE
    Package suggested but not available for checking: 'INLA'
Flavors: r-devel-linux-x86_64-debian-clang, r-devel-linux-x86_64-debian-gcc, r-patched-linux-x86_64, r-release-linux-x86_64, r-release-macos-arm64, r-release-macos-x86_64, r-oldrel-macos-arm64, r-oldrel-macos-x86_64

Version: 1.20.1
Check: whether package can be installed
Result: WARN
    Found the following significant warnings:
     surveillance.c:5:24: warning: invalid UTF-8 in comment [-Winvalid-utf8]
Flavor: r-devel-linux-x86_64-fedora-clang

Version: 1.20.1
Check: installed package size
Result: NOTE
     installed size is 6.9Mb
     sub-directories of 1Mb or more:
     R 1.7Mb
     doc 2.3Mb
Flavors: r-devel-linux-x86_64-fedora-clang, r-release-macos-arm64, r-release-macos-x86_64, r-oldrel-macos-arm64, r-oldrel-macos-x86_64

Version: 1.20.1
Flags: --no-vignettes
Check: package dependencies
Result: NOTE
    Package suggested but not available for checking: 'INLA'
Flavors: r-devel-windows-x86_64, r-release-windows-x86_64

Version: 1.20.1
Flags: --no-vignettes
Check: installed package size
Result: NOTE
     installed size is 7.6Mb
     sub-directories of 1Mb or more:
     R 1.7Mb
     doc 2.3Mb
     libs 1.1Mb
Flavors: r-devel-windows-x86_64, r-release-windows-x86_64, r-oldrel-windows-ix86+x86_64