CRAN Package Check Results for Package sure

Last updated on 2022-07-06 23:52:56 CEST.

Flavor Version Tinstall Tcheck Ttotal Status Flags
r-devel-linux-x86_64-debian-clang 0.2.0 6.07 59.04 65.11 OK
r-devel-linux-x86_64-debian-gcc 0.2.0 4.65 44.65 49.30 OK
r-devel-linux-x86_64-fedora-clang 0.2.0 91.38 NOTE
r-devel-linux-x86_64-fedora-gcc 0.2.0 91.10 OK
r-devel-windows-x86_64 0.2.0 21.00 83.00 104.00 OK
r-patched-linux-x86_64 0.2.0 5.92 56.57 62.49 OK
r-release-linux-x86_64 0.2.0 5.47 55.84 61.31 OK
r-release-macos-arm64 0.2.0 26.00 OK
r-release-macos-x86_64 0.2.0 48.00 OK
r-release-windows-x86_64 0.2.0 21.00 87.00 108.00 OK
r-oldrel-macos-arm64 0.2.0 30.00 OK
r-oldrel-macos-x86_64 0.2.0 51.00 OK
r-oldrel-windows-ix86+x86_64 0.2.0 17.00 87.00 104.00 OK

Check Details

Version: 0.2.0
Check: Rd cross-references
Result: NOTE
    Undeclared package ‘truncdist’ in Rd xrefs
Flavor: r-devel-linux-x86_64-fedora-clang