CRAN Package Check Results for Package sundialr

Last updated on 2022-12-03 23:56:28 CET.

Flavor Version Tinstall Tcheck Ttotal Status Flags
r-devel-linux-x86_64-debian-clang 0.1.4.1 79.55 46.14 125.69 WARN
r-devel-linux-x86_64-debian-gcc 0.1.4.1 67.32 34.69 102.01 WARN
r-devel-linux-x86_64-fedora-clang 0.1.4.1 208.53 WARN
r-devel-linux-x86_64-fedora-gcc 0.1.4.1 180.69 WARN
r-devel-windows-x86_64 0.1.4.1 142.00 102.00 244.00 OK
r-patched-linux-x86_64 0.1.4.1 62.92 43.70 106.62 OK
r-release-linux-x86_64 0.1.4.1 62.99 43.81 106.80 OK
r-release-macos-arm64 0.1.4.1 49.00 NOTE
r-release-macos-x86_64 0.1.4.1 78.00 NOTE
r-release-windows-x86_64 0.1.4.1 129.00 109.00 238.00 OK
r-oldrel-macos-arm64 0.1.4.1 61.00 NOTE
r-oldrel-macos-x86_64 0.1.4.1 100.00 NOTE
r-oldrel-windows-ix86+x86_64 0.1.4.1 225.00 113.00 338.00 OK

Check Details

Version: 0.1.4.1
Check: whether package can be installed
Result: WARN
    Found the following significant warnings:
     ../inst/include/sundials/sundials_nvector.h:163:37: warning: a function declaration without a prototype is deprecated in all versions of C [-Wstrict-prototypes]
     ../inst/include/sundials/sundials_nonlinearsolver.h:131:56: warning: a function declaration without a prototype is deprecated in all versions of C [-Wstrict-prototypes]
     ../inst/include/sundials/sundials_matrix.h:106:41: warning: a function declaration without a prototype is deprecated in all versions of C [-Wstrict-prototypes]
     ../inst/include/sundials/sundials_linearsolver.h:137:50: warning: a function declaration without a prototype is deprecated in all versions of C [-Wstrict-prototypes]
     sundials/sundials/sundials_linearsolver.c:28:34: warning: a function declaration without a prototype is deprecated in all versions of C [-Wstrict-prototypes]
     sundials/sundials/sundials_matrix.c:29:25: warning: a function declaration without a prototype is deprecated in all versions of C [-Wstrict-prototypes]
     sundials/sundials/sundials_nonlinearsolver.c:26:40: warning: a function declaration without a prototype is deprecated in all versions of C [-Wstrict-prototypes]
     sundials/sundials/sundials_nvector.c:28:21: warning: a function declaration without a prototype is deprecated in all versions of C [-Wstrict-prototypes]
Flavors: r-devel-linux-x86_64-debian-clang, r-devel-linux-x86_64-fedora-clang

Version: 0.1.4.1
Check: whether package can be installed
Result: WARN
    Found the following significant warnings:
     ../inst/include/sundials/sundials_nvector.h:163:1: warning: function declaration isn’t a prototype [-Wstrict-prototypes]
     ../inst/include/sundials/sundials_nonlinearsolver.h:131:1: warning: function declaration isn’t a prototype [-Wstrict-prototypes]
     ../inst/include/sundials/sundials_matrix.h:106:1: warning: function declaration isn’t a prototype [-Wstrict-prototypes]
     ../inst/include/sundials/sundials_linearsolver.h:137:1: warning: function declaration isn’t a prototype [-Wstrict-prototypes]
     sundials/sundials/sundials_linearsolver.c:28:17: warning: function declaration isn’t a prototype [-Wstrict-prototypes]
     sundials/sundials/sundials_matrix.c:29:11: warning: function declaration isn’t a prototype [-Wstrict-prototypes]
     sundials/sundials/sundials_nonlinearsolver.c:26:20: warning: function declaration isn’t a prototype [-Wstrict-prototypes]
     sundials/sundials/sundials_nvector.c:28:10: warning: function declaration isn’t a prototype [-Wstrict-prototypes]
Flavors: r-devel-linux-x86_64-debian-gcc, r-devel-linux-x86_64-fedora-gcc

Version: 0.1.4.1
Check: installed package size
Result: NOTE
     installed size is 5.6Mb
     sub-directories of 1Mb or more:
     libs 3.2Mb
Flavors: r-release-macos-arm64, r-release-macos-x86_64, r-oldrel-macos-arm64, r-oldrel-macos-x86_64