CRAN Package Check Results for Package sugarbag

Last updated on 2020-05-24 23:47:57 CEST.

Flavor Version Tinstall Tcheck Ttotal Status Flags
r-devel-linux-x86_64-debian-clang 0.1.2 7.53 95.06 102.59 OK
r-devel-linux-x86_64-debian-gcc 0.1.2 5.53 71.65 77.18 OK
r-devel-linux-x86_64-fedora-clang 0.1.2 127.47 NOTE
r-devel-linux-x86_64-fedora-gcc 0.1.2 118.48 NOTE
r-devel-windows-ix86+x86_64 0.1.2 20.00 98.00 118.00 OK
r-patched-linux-x86_64 0.1.2 6.97 91.48 98.45 OK
r-patched-solaris-x86 0.1.2 161.70 NOTE
r-release-linux-x86_64 0.1.2 7.46 91.62 99.08 OK
r-release-osx-x86_64 0.1.2 NOTE
r-release-windows-ix86+x86_64 0.1.2 29.00 143.00 172.00 OK
r-oldrel-osx-x86_64 0.1.2 NOTE
r-oldrel-windows-ix86+x86_64 0.1.2 13.00 116.00 129.00 WARN

Check Details

Version: 0.1.2
Check: dependencies in R code
Result: NOTE
    Namespace in Imports field not imported from: ‘lwgeom’
     All declared Imports should be used.
Flavors: r-devel-linux-x86_64-fedora-clang, r-devel-linux-x86_64-fedora-gcc, r-patched-solaris-x86, r-release-osx-x86_64, r-oldrel-osx-x86_64

Version: 0.1.2
Check: re-building of vignette outputs
Result: WARN
    Error(s) in re-building vignettes:
    --- re-building 'abs-data.Rmd' using rmarkdown
    --- finished re-building 'abs-data.Rmd'
    
    --- re-building 'tasmania.Rmd' using rmarkdown
    Loading required package: dplyr
    
    Attaching package: 'dplyr'
    
    The following objects are masked from 'package:stats':
    
     filter, lag
    
    The following objects are masked from 'package:base':
    
     intersect, setdiff, setequal, union
    
    Warning in st_centroid.sf(., of_largest_polygon = largest) :
     st_centroid assumes attributes are constant over geometries of x
    Warning in st_centroid.sfc(st_geometry(x), of_largest_polygon = of_largest_polygon) :
     st_centroid does not give correct centroids for longitude/latitude data
    Linking to GEOS 3.8.0, GDAL 3.0.4, PROJ 6.3.1
    Warning: st_crs<- : replacing crs does not reproject data; use st_transform for that
    Warning: st_crs<- : replacing crs does not reproject data; use st_transform for that
    Warning: `as.tibble()` is deprecated as of tibble 2.0.0.
    Please use `as_tibble()` instead.
    The signature and semantics have changed, see `?as_tibble`.
    This warning is displayed once every 8 hours.
    Call `lifecycle::last_warnings()` to see where this warning was generated.
    Allocating centroids, in order of distance to closest focal point.
    although coordinates are longitude/latitude, st_intersects assumes that they are planar
    SUMMARY: processing the following file failed:
     'tasmania.Rmd'
    
    Error: Vignette re-building failed.
    Execution halted
Flavor: r-oldrel-windows-ix86+x86_64