CRAN Package Check Results for Package suddengains

Last updated on 2019-10-20 23:47:38 CEST.

Flavor Version Tinstall Tcheck Ttotal Status Flags
r-devel-linux-x86_64-debian-clang 0.3.1 3.57 75.93 79.50 OK
r-devel-linux-x86_64-debian-gcc 0.3.1 3.57 57.45 61.02 OK
r-devel-linux-x86_64-fedora-clang 0.3.1 92.00 OK
r-devel-linux-x86_64-fedora-gcc 0.3.1 91.80 OK
r-devel-windows-ix86+x86_64 0.3.1 9.00 118.00 127.00 OK
r-patched-linux-x86_64 0.3.1 4.06 71.75 75.81 OK
r-patched-solaris-x86 0.3.1 94.20 WARN
r-release-linux-x86_64 0.3.1 3.41 72.62 76.03 OK
r-release-windows-ix86+x86_64 0.3.1 10.00 76.00 86.00 OK
r-release-osx-x86_64 0.3.1 WARN
r-oldrel-windows-ix86+x86_64 0.3.1 5.00 75.00 80.00 OK
r-oldrel-osx-x86_64 0.3.1 WARN

Check Details

Version: 0.3.1
Check: re-building of vignette outputs
Result: WARN
    Error(s) in re-building vignettes:
     ...
    --- re-building ‘suddengains-tutorial.Rmd’ using rmarkdown
    Warning in engine$weave(file, quiet = quiet, encoding = enc) :
     Pandoc (>= 1.12.3) and/or pandoc-citeproc not available. Falling back to R Markdown v1.
    Quitting from lines 55-68 (suddengains-tutorial.Rmd)
    Error: processing vignette 'suddengains-tutorial.Rmd' failed with diagnostics:
    there is no package called 'webshot'
    --- failed re-building ‘suddengains-tutorial.Rmd’
    
    SUMMARY: processing the following file failed:
     ‘suddengains-tutorial.Rmd’
    
    Error: Vignette re-building failed.
    Execution halted
Flavor: r-patched-solaris-x86

Version: 0.3.1
Check: re-building of vignette outputs
Result: WARN
    Error(s) in re-building vignettes:
     ...
    --- re-building ‘suddengains-tutorial.Rmd’ using rmarkdown
    Warning in engine$weave(file, quiet = quiet, encoding = enc) :
     Pandoc (>= 1.12.3) and/or pandoc-citeproc not available. Falling back to R Markdown v1.
    Quitting from lines 55-68 (suddengains-tutorial.Rmd)
    Error: processing vignette 'suddengains-tutorial.Rmd' failed with diagnostics:
    cannot open the connection
    --- failed re-building ‘suddengains-tutorial.Rmd’
    
    SUMMARY: processing the following file failed:
     ‘suddengains-tutorial.Rmd’
    
    Error: Vignette re-building failed.
    Execution halted
Flavor: r-release-osx-x86_64

Version: 0.3.1
Check: re-building of vignette outputs
Result: WARN
    Error in re-building vignettes:
     ...
    Warning in engine$weave(file, quiet = quiet, encoding = enc) :
     Pandoc (>= 1.12.3) and/or pandoc-citeproc not available. Falling back to R Markdown v1.
    Quitting from lines 55-68 (suddengains-tutorial.Rmd)
    Error: processing vignette 'suddengains-tutorial.Rmd' failed with diagnostics:
    cannot open the connection
    Execution halted
Flavor: r-oldrel-osx-x86_64