Last updated on 2019-12-08 23:47:40 CET.
Flavor | Version | Tinstall | Tcheck | Ttotal | Status | Flags |
---|---|---|---|---|---|---|
r-devel-linux-x86_64-debian-clang | 0.1.0 | 6.34 | 66.90 | 73.24 | OK | |
r-devel-linux-x86_64-debian-gcc | 0.1.0 | 5.94 | 52.20 | 58.14 | OK | |
r-devel-linux-x86_64-fedora-clang | 0.1.0 | 87.88 | NOTE | |||
r-devel-linux-x86_64-fedora-gcc | 0.1.0 | 85.00 | NOTE | |||
r-devel-windows-ix86+x86_64 | 0.1.0 | 13.00 | 97.00 | 110.00 | OK | |
r-devel-windows-ix86+x86_64-gcc8 | 0.1.0 | 12.00 | 107.00 | 119.00 | OK | |
r-patched-linux-x86_64 | 0.1.0 | 5.52 | 60.18 | 65.70 | OK | |
r-patched-solaris-x86 | 0.1.0 | 131.80 | NOTE | |||
r-release-linux-x86_64 | 0.1.0 | 6.07 | 61.54 | 67.61 | OK | |
r-release-windows-ix86+x86_64 | 0.1.0 | 16.00 | 67.00 | 83.00 | OK | |
r-release-osx-x86_64 | 0.1.0 | NOTE | ||||
r-oldrel-windows-ix86+x86_64 | 0.1.0 | 7.00 | 99.00 | 106.00 | OK | |
r-oldrel-osx-x86_64 | 0.1.0 | NOTE |
Version: 0.1.0
Check: data for non-ASCII characters
Result: NOTE
Note: found 2 marked UTF-8 strings
Flavors: r-devel-linux-x86_64-fedora-clang, r-devel-linux-x86_64-fedora-gcc, r-patched-solaris-x86, r-release-osx-x86_64, r-oldrel-osx-x86_64