CRAN Package Check Results for Package stylest

Last updated on 2019-08-18 23:47:46 CEST.

Flavor Version Tinstall Tcheck Ttotal Status Flags
r-devel-linux-x86_64-debian-clang 0.1.0 6.52 58.90 65.42 OK
r-devel-linux-x86_64-debian-gcc 0.1.0 5.43 47.25 52.68 OK
r-devel-linux-x86_64-fedora-clang 0.1.0 80.62 NOTE
r-devel-linux-x86_64-fedora-gcc 0.1.0 91.03 NOTE
r-devel-windows-ix86+x86_64 0.1.0 16.00 70.00 86.00 OK
r-patched-linux-x86_64 0.1.0 6.16 59.47 65.63 OK
r-patched-solaris-x86 0.1.0 131.20 NOTE
r-release-linux-x86_64 0.1.0 6.28 59.62 65.90 OK
r-release-windows-ix86+x86_64 0.1.0 11.00 72.00 83.00 OK
r-release-osx-x86_64 0.1.0 NOTE
r-oldrel-windows-ix86+x86_64 0.1.0 9.00 94.00 103.00 OK
r-oldrel-osx-x86_64 0.1.0 NOTE

Check Details

Version: 0.1.0
Check: data for non-ASCII characters
Result: NOTE
     Note: found 2 marked UTF-8 strings
Flavors: r-devel-linux-x86_64-fedora-clang, r-devel-linux-x86_64-fedora-gcc, r-patched-solaris-x86, r-release-osx-x86_64, r-oldrel-osx-x86_64