CRAN Package Check Results for Package styler

Last updated on 2022-10-05 00:04:44 CEST.

Flavor Version Tinstall Tcheck Ttotal Status Flags
r-devel-linux-x86_64-debian-clang 1.7.0 12.37 425.42 437.79 NOTE
r-devel-linux-x86_64-debian-gcc 1.7.0 8.87 302.58 311.45 NOTE
r-devel-linux-x86_64-fedora-clang 1.7.0 514.97 NOTE
r-devel-linux-x86_64-fedora-gcc 1.7.0 493.66 NOTE
r-devel-windows-x86_64 1.7.0 445.00 513.00 958.00 NOTE
r-patched-linux-x86_64 1.7.0 15.88 382.68 398.56 OK
r-release-linux-x86_64 1.7.0 9.89 389.86 399.75 OK
r-release-macos-arm64 1.7.0 115.00 OK
r-release-macos-x86_64 1.7.0 163.00 OK
r-release-windows-x86_64 1.7.0 380.00 487.00 867.00 OK
r-oldrel-macos-arm64 1.7.0 116.00 OK
r-oldrel-macos-x86_64 1.7.0 169.00 OK
r-oldrel-windows-ix86+x86_64 1.7.0 24.00 501.00 525.00 OK

Check Details

Version: 1.7.0
Check: Rd files
Result: NOTE
    checkRd: (-1) is_shebang.Rd:14: Escaped LaTeX specials: \#
Flavors: r-devel-linux-x86_64-debian-clang, r-devel-linux-x86_64-debian-gcc, r-devel-linux-x86_64-fedora-clang, r-devel-linux-x86_64-fedora-gcc, r-devel-windows-x86_64