CRAN Package Check Results for Package stringr

Last updated on 2019-11-10 23:48:42 CET.

Flavor Version Tinstall Tcheck Ttotal Status Flags
r-devel-linux-x86_64-debian-clang 1.4.0 2.90 31.86 34.76 OK
r-devel-linux-x86_64-debian-gcc 1.4.0 2.06 25.77 27.83 OK
r-devel-linux-x86_64-fedora-clang 1.4.0 45.96 NOTE
r-devel-linux-x86_64-fedora-gcc 1.4.0 43.15 NOTE
r-devel-windows-ix86+x86_64 1.4.0 8.00 51.00 59.00 OK
r-patched-linux-x86_64 1.4.0 2.58 31.15 33.73 OK
r-patched-solaris-x86 1.4.0 67.40 NOTE
r-release-linux-x86_64 1.4.0 2.55 31.96 34.51 OK
r-release-windows-ix86+x86_64 1.4.0 12.00 61.00 73.00 OK
r-release-osx-x86_64 1.4.0 NOTE
r-oldrel-windows-ix86+x86_64 1.4.0 8.00 65.00 73.00 OK
r-oldrel-osx-x86_64 1.4.0 NOTE

Check Details

Version: 1.4.0
Check: data for non-ASCII characters
Result: NOTE
     Note: found 3 marked UTF-8 strings
Flavors: r-devel-linux-x86_64-fedora-clang, r-devel-linux-x86_64-fedora-gcc, r-patched-solaris-x86, r-release-osx-x86_64, r-oldrel-osx-x86_64