CRAN Package Check Results for Package strider

Last updated on 2019-10-20 23:47:38 CEST.

Flavor Version Tinstall Tcheck Ttotal Status Flags
r-devel-linux-x86_64-debian-clang 1.2 18.20 103.77 121.97 NOTE
r-devel-linux-x86_64-debian-gcc 1.2 11.10 71.45 82.55 NOTE
r-devel-linux-x86_64-fedora-clang 1.2 144.54 OK
r-devel-linux-x86_64-fedora-gcc 1.2 140.59 OK
r-devel-windows-ix86+x86_64 1.2 39.00 129.00 168.00 NOTE
r-patched-linux-x86_64 1.2 13.00 90.12 103.12 OK
r-patched-solaris-x86 1.2 247.50 OK
r-release-linux-x86_64 1.2 12.31 90.65 102.96 OK
r-release-windows-ix86+x86_64 1.2 53.00 174.00 227.00 OK
r-release-osx-x86_64 1.2 OK
r-oldrel-windows-ix86+x86_64 1.2 31.00 112.00 143.00 OK
r-oldrel-osx-x86_64 1.2 OK

Check Details

Version: 1.2
Check: package vignettes
Result: NOTE
    Package vignette with placeholder title 'Vignette Title':
     'strider.Rmd'
Flavors: r-devel-linux-x86_64-debian-clang, r-devel-linux-x86_64-debian-gcc, r-devel-windows-ix86+x86_64