CRAN Package Check Results for Package strider

Last updated on 2019-07-15 00:50:53 CEST.

Flavor Version Tinstall Tcheck Ttotal Status Flags
r-devel-linux-x86_64-debian-clang 1.2 16.71 92.52 109.23 NOTE
r-devel-linux-x86_64-debian-gcc 1.2 11.11 69.31 80.42 NOTE
r-devel-linux-x86_64-fedora-clang 1.2 141.46 OK
r-devel-linux-x86_64-fedora-gcc 1.2 138.74 OK
r-devel-windows-ix86+x86_64 1.2 36.00 126.00 162.00 OK
r-patched-linux-x86_64 1.2 13.06 92.78 105.84 OK
r-patched-solaris-x86 1.2 266.40 OK
r-release-linux-x86_64 1.2 13.35 92.92 106.27 OK
r-release-windows-ix86+x86_64 1.2 36.00 147.00 183.00 OK
r-release-osx-x86_64 1.2 OK
r-oldrel-windows-ix86+x86_64 1.2 48.00 160.00 208.00 OK
r-oldrel-osx-x86_64 1.2 OK

Check Details

Version: 1.2
Check: package vignettes
Result: NOTE
    Package vignette with placeholder title 'Vignette Title':
     'strider.Rmd'
Flavors: r-devel-linux-x86_64-debian-clang, r-devel-linux-x86_64-debian-gcc