CRAN Package Check Results for Package stray

Last updated on 2023-06-10 00:54:59 CEST.

Flavor Version Tinstall Tcheck Ttotal Status Flags
r-devel-linux-x86_64-debian-clang 0.1.1 5.03 48.95 53.98 OK
r-devel-linux-x86_64-debian-gcc 0.1.1 4.79 37.14 41.93 OK
r-devel-linux-x86_64-fedora-clang 0.1.1 69.40 NOTE
r-devel-linux-x86_64-fedora-gcc 0.1.1 63.24 NOTE
r-devel-windows-x86_64 0.1.1 8.00 56.00 64.00 OK
r-patched-linux-x86_64 0.1.1 5.08 45.43 50.51 OK
r-release-linux-x86_64 0.1.1 5.84 45.59 51.43 OK
r-release-macos-arm64 0.1.1 25.00 OK
r-release-macos-x86_64 0.1.1 40.00 NOTE
r-release-windows-x86_64 0.1.1 9.00 63.00 72.00 OK
r-oldrel-macos-arm64 0.1.1 26.00 NOTE
r-oldrel-macos-x86_64 0.1.1 45.00 NOTE
r-oldrel-windows-x86_64 0.1.1 8.00 64.00 72.00 OK

Check Details

Version: 0.1.1
Check: dependencies in R code
Result: NOTE
    Namespace in Imports field not imported from: ‘ks’
     All declared Imports should be used.
Flavors: r-devel-linux-x86_64-fedora-clang, r-devel-linux-x86_64-fedora-gcc, r-oldrel-macos-arm64, r-oldrel-macos-x86_64

Version: 0.1.1
Check: Rd cross-references
Result: NOTE
    Undeclared package ‘HDoutliers’ in Rd xrefs
Flavor: r-devel-linux-x86_64-fedora-clang

Version: 0.1.1
Check: Rd cross-references
Result: NOTE
    Package unavailable to check Rd xrefs: ‘HDoutliers’
Flavor: r-release-macos-x86_64