CRAN Package Check Results for Package stratEst

Last updated on 2022-11-29 22:53:49 CET.

Flavor Version Tinstall Tcheck Ttotal Status Flags
r-devel-linux-x86_64-debian-clang 1.1.5 142.76 64.29 207.05 OK
r-devel-linux-x86_64-debian-gcc 1.1.5 105.43 49.61 155.04 OK
r-devel-linux-x86_64-fedora-clang 1.1.5 277.49 OK
r-devel-linux-x86_64-fedora-gcc 1.1.6 262.18 OK
r-devel-windows-x86_64 1.1.5 102.00 115.00 217.00 OK
r-patched-linux-x86_64 1.1.5 107.06 57.34 164.40 OK
r-release-linux-x86_64 1.1.5 115.27 57.66 172.93 OK
r-release-macos-arm64 1.1.5 78.00 NOTE
r-release-macos-x86_64 1.1.5 92.00 NOTE
r-release-windows-x86_64 1.1.5 81.00 103.00 184.00 OK
r-oldrel-macos-arm64 1.1.5 84.00 NOTE
r-oldrel-macos-x86_64 1.1.5 105.00 NOTE
r-oldrel-windows-ix86+x86_64 1.1.5 263.00 120.00 383.00 OK

Check Details

Version: 1.1.5
Check: installed package size
Result: NOTE
     installed size is 10.7Mb
     sub-directories of 1Mb or more:
     libs 9.4Mb
Flavors: r-release-macos-arm64, r-release-macos-x86_64, r-oldrel-macos-arm64, r-oldrel-macos-x86_64