CRAN Package Check Results for Package stortingscrape

Last updated on 2022-09-27 23:55:47 CEST.

Flavor Version Tinstall Tcheck Ttotal Status Flags
r-devel-linux-x86_64-debian-clang 0.1.2 9.07 69.72 78.79 OK
r-devel-linux-x86_64-debian-gcc 0.1.2 6.85 51.90 58.75 OK
r-devel-linux-x86_64-fedora-clang 0.1.2 107.53 NOTE
r-devel-linux-x86_64-fedora-gcc 0.1.2 101.46 NOTE
r-devel-windows-x86_64 0.1.2 55.00 105.00 160.00 OK
r-patched-linux-x86_64 0.1.2 13.30 63.95 77.25 OK
r-release-linux-x86_64 0.1.2 5.94 63.07 69.01 OK
r-release-macos-arm64 0.1.2 33.00 NOTE
r-release-macos-x86_64 0.1.2 46.00 NOTE
r-release-windows-x86_64 0.1.2 50.00 102.00 152.00 OK

Check Details

Version: 0.1.2
Check: data for non-ASCII characters
Result: NOTE
     Note: found 1725 marked UTF-8 strings
Flavors: r-devel-linux-x86_64-fedora-clang, r-devel-linux-x86_64-fedora-gcc, r-release-macos-arm64, r-release-macos-x86_64