CRAN Package Check Results for Package stortingscrape

Last updated on 2023-10-04 00:58:39 CEST.

Flavor Version Tinstall Tcheck Ttotal Status Flags
r-devel-linux-x86_64-debian-clang 0.1.3 7.33 64.79 72.12 OK
r-devel-linux-x86_64-debian-gcc 0.1.3 7.20 47.55 54.75 OK
r-devel-linux-x86_64-fedora-clang 0.1.3 86.77 NOTE
r-devel-linux-x86_64-fedora-gcc 0.1.3 98.42 NOTE
r-devel-windows-x86_64 0.1.3 10.00 75.00 85.00 OK
r-patched-linux-x86_64 0.1.3 13.26 61.34 74.60 OK
r-release-linux-x86_64 0.1.3 7.57 60.73 68.30 OK
r-release-macos-arm64 0.1.3 42.00 OK
r-release-macos-x86_64 0.1.3 55.00 OK
r-release-windows-x86_64 0.1.3 14.00 84.00 98.00 OK
r-oldrel-macos-arm64 0.1.3 31.00 OK
r-oldrel-macos-x86_64 0.1.3 45.00 OK
r-oldrel-windows-x86_64 0.1.3 13.00 80.00 93.00 OK

Check Details

Version: 0.1.3
Check: data for non-ASCII characters
Result: NOTE
     Note: found 1725 marked UTF-8 strings
Flavors: r-devel-linux-x86_64-fedora-clang, r-devel-linux-x86_64-fedora-gcc