CRAN Package Check Results for Package storr

Last updated on 2019-08-11 23:47:41 CEST.

Flavor Version Tinstall Tcheck Ttotal Status Flags
r-devel-linux-x86_64-debian-clang 1.2.1 7.08 41.92 49.00 OK
r-devel-linux-x86_64-debian-gcc 1.2.1 5.90 32.76 38.66 OK
r-devel-linux-x86_64-fedora-clang 1.2.1 61.26 OK
r-devel-linux-x86_64-fedora-gcc 1.2.1 58.49 OK
r-devel-windows-ix86+x86_64 1.2.1 14.00 91.00 105.00 OK
r-patched-linux-x86_64 1.2.1 7.03 41.32 48.35 OK
r-patched-solaris-x86 1.2.1 82.60 NOTE
r-release-linux-x86_64 1.2.1 6.36 42.30 48.66 OK
r-release-windows-ix86+x86_64 1.2.1 16.00 70.00 86.00 OK
r-release-osx-x86_64 1.2.1 OK
r-oldrel-windows-ix86+x86_64 1.2.1 7.00 97.00 104.00 OK
r-oldrel-osx-x86_64 1.2.1 OK

Check Details

Version: 1.2.1
Check: package dependencies
Result: NOTE
    Package suggested but not available for checking: ‘RPostgres’
Flavor: r-patched-solaris-x86