CRAN Package Check Results for Package storr

Last updated on 2019-05-25 02:49:42 CEST.

Flavor Version Tinstall Tcheck Ttotal Status Flags
r-devel-linux-x86_64-debian-clang 1.2.1 7.37 40.37 47.74 OK
r-devel-linux-x86_64-debian-gcc 1.2.1 6.00 32.27 38.27 OK
r-devel-linux-x86_64-fedora-clang 1.2.1 61.18 OK
r-devel-linux-x86_64-fedora-gcc 1.2.1 61.94 OK
r-devel-windows-ix86+x86_64 1.2.1 12.00 62.00 74.00 OK
r-patched-linux-x86_64 1.2.1 OK
r-patched-solaris-x86 1.2.1 81.10 NOTE
r-release-linux-x86_64 1.2.1 7.20 40.81 48.01 OK
r-release-windows-ix86+x86_64 1.2.1 15.00 90.00 105.00 OK
r-release-osx-x86_64 1.2.1 OK
r-oldrel-windows-ix86+x86_64 1.2.1 14.00 95.00 109.00 OK
r-oldrel-osx-x86_64 1.2.1 OK

Check Details

Version: 1.2.1
Check: package dependencies
Result: NOTE
    Package suggested but not available for checking: ‘RPostgres’
Flavor: r-patched-solaris-x86