CRAN Package Check Results for Package stopwords

Last updated on 2019-08-18 23:47:46 CEST.

Flavor Version Tinstall Tcheck Ttotal Status Flags
r-devel-linux-x86_64-debian-clang 1.0 2.15 19.44 21.59 OK
r-devel-linux-x86_64-debian-gcc 1.0 1.70 15.89 17.59 OK
r-devel-linux-x86_64-fedora-clang 1.0 26.08 NOTE
r-devel-linux-x86_64-fedora-gcc 1.0 27.78 NOTE
r-devel-windows-ix86+x86_64 1.0 7.00 36.00 43.00 OK
r-patched-linux-x86_64 1.0 1.66 19.27 20.93 OK
r-patched-solaris-x86 1.0 43.60 NOTE
r-release-linux-x86_64 1.0 1.76 19.50 21.26 OK
r-release-windows-ix86+x86_64 1.0 5.00 31.00 36.00 OK
r-release-osx-x86_64 1.0 NOTE
r-oldrel-windows-ix86+x86_64 1.0 9.00 45.00 54.00 OK
r-oldrel-osx-x86_64 1.0 NOTE

Check Details

Version: 1.0
Check: data for non-ASCII characters
Result: NOTE
     Note: found 11969 marked UTF-8 strings
Flavors: r-devel-linux-x86_64-fedora-clang, r-devel-linux-x86_64-fedora-gcc, r-patched-solaris-x86, r-release-osx-x86_64, r-oldrel-osx-x86_64