CRAN Package Check Results for Package stopwords

Last updated on 2024-07-16 00:56:13 CEST.

Flavor Version Tinstall Tcheck Ttotal Status Flags
r-devel-linux-x86_64-debian-clang 2.3 2.36 26.55 28.91 OK
r-devel-linux-x86_64-debian-gcc 2.3 1.94 20.68 22.62 OK
r-devel-linux-x86_64-fedora-clang 2.3 37.70 NOTE
r-devel-linux-x86_64-fedora-gcc 2.3 35.20 NOTE
r-devel-windows-x86_64 2.3 4.00 45.00 49.00 OK
r-patched-linux-x86_64 2.3 2.45 26.07 28.52 OK
r-release-linux-x86_64 2.3 2.05 25.66 27.71 OK
r-release-macos-arm64 2.3 16.00 OK
r-release-macos-x86_64 2.3 24.00 OK
r-release-windows-x86_64 2.3 4.00 46.00 50.00 OK
r-oldrel-macos-arm64 2.3 18.00 OK
r-oldrel-macos-x86_64 2.3 25.00 OK
r-oldrel-windows-x86_64 2.3 4.00 48.00 52.00 OK

Check Details

Version: 2.3
Check: data for non-ASCII characters
Result: NOTE Note: found 22806 marked UTF-8 strings Flavors: r-devel-linux-x86_64-fedora-clang, r-devel-linux-x86_64-fedora-gcc