Last updated on 2022-08-11 23:52:22 CEST.
Flavor | Version | Tinstall | Tcheck | Ttotal | Status | Flags |
---|---|---|---|---|---|---|
r-devel-linux-x86_64-debian-clang | 0.4.1 | 13.94 | 137.79 | 151.73 | OK | |
r-devel-linux-x86_64-debian-gcc | 0.4.1 | 9.80 | 103.52 | 113.32 | OK | |
r-devel-linux-x86_64-fedora-clang | 0.4.1 | 200.11 | NOTE | |||
r-devel-linux-x86_64-fedora-gcc | 0.4.1 | 198.01 | NOTE | |||
r-devel-windows-x86_64 | 0.4.1 | 22.00 | 176.00 | 198.00 | OK | |
r-patched-linux-x86_64 | 0.4.1 | 12.34 | 130.35 | 142.69 | OK | |
r-release-linux-x86_64 | 0.4.1 | 10.31 | 130.26 | 140.57 | OK | |
r-release-macos-arm64 | 0.4.1 | 53.00 | NOTE | |||
r-release-macos-x86_64 | 0.4.1 | 88.00 | NOTE | |||
r-release-windows-x86_64 | 0.4.1 | 22.00 | 179.00 | 201.00 | OK | |
r-oldrel-macos-arm64 | 0.4.1 | 58.00 | NOTE | |||
r-oldrel-macos-x86_64 | 0.4.1 | 89.00 | NOTE | |||
r-oldrel-windows-ix86+x86_64 | 0.4.1 | 33.00 | 160.00 | 193.00 | OK |
Version: 0.4.1
Check: dependencies in R code
Result: NOTE
Namespaces in Imports field not imported from:
‘huge’ ‘readr’ ‘scales’ ‘shinyjs’
All declared Imports should be used.
Flavors: r-devel-linux-x86_64-fedora-clang, r-devel-linux-x86_64-fedora-gcc, r-release-macos-arm64, r-release-macos-x86_64, r-oldrel-macos-arm64, r-oldrel-macos-x86_64