CRAN Package Check Results for Package stlcsb

Last updated on 2019-10-20 23:47:38 CEST.

Flavor Version Tinstall Tcheck Ttotal Status Flags
r-devel-linux-x86_64-debian-clang 0.1.2 6.41 61.15 67.56 OK
r-devel-linux-x86_64-debian-gcc 0.1.2 6.07 46.80 52.87 OK
r-devel-linux-x86_64-fedora-clang 0.1.2 84.42 NOTE
r-devel-linux-x86_64-fedora-gcc 0.1.2 83.87 NOTE
r-devel-windows-ix86+x86_64 0.1.2 14.00 78.00 92.00 OK
r-patched-linux-x86_64 0.1.2 6.99 57.39 64.38 OK
r-patched-solaris-x86 0.1.2 135.70 NOTE
r-release-linux-x86_64 0.1.2 6.92 59.47 66.39 OK
r-release-windows-ix86+x86_64 0.1.2 22.00 105.00 127.00 OK
r-release-osx-x86_64 0.1.2 NOTE
r-oldrel-windows-ix86+x86_64 0.1.2 10.00 73.00 83.00 OK
r-oldrel-osx-x86_64 0.1.2 NOTE

Check Details

Version: 0.1.2
Check: dependencies in R code
Result: NOTE
    Namespace in Imports field not imported from: ‘tibble’
     All declared Imports should be used.
Flavors: r-devel-linux-x86_64-fedora-clang, r-devel-linux-x86_64-fedora-gcc, r-patched-solaris-x86, r-release-osx-x86_64, r-oldrel-osx-x86_64