Last updated on 2023-02-08 00:03:41 CET.
Flavor | Version | Tinstall | Tcheck | Ttotal | Status | Flags |
---|---|---|---|---|---|---|
r-devel-linux-x86_64-debian-clang | 1.0.0 | 1.78 | 22.58 | 24.36 | OK | |
r-devel-linux-x86_64-debian-gcc | 1.0.0 | 2.02 | 18.14 | 20.16 | OK | |
r-devel-linux-x86_64-fedora-clang | 1.0.0 | 32.14 | NOTE | |||
r-devel-linux-x86_64-fedora-gcc | 1.0.0 | 31.24 | NOTE | |||
r-devel-windows-x86_64 | 1.0.0 | 17.00 | 55.00 | 72.00 | OK | |
r-patched-linux-x86_64 | 1.0.0 | 2.54 | 22.28 | 24.82 | OK | |
r-release-linux-x86_64 | 1.0.0 | 2.18 | 23.50 | 25.68 | OK | |
r-release-macos-arm64 | 1.0.0 | 16.00 | NOTE | |||
r-release-macos-x86_64 | 1.0.0 | 25.00 | NOTE | |||
r-release-windows-x86_64 | 1.0.0 | 9.00 | 53.00 | 62.00 | OK | |
r-oldrel-macos-arm64 | 1.0.0 | 13.00 | NOTE | |||
r-oldrel-macos-x86_64 | 1.0.0 | 21.00 | NOTE | |||
r-oldrel-windows-ix86+x86_64 | 1.0.0 | 8.00 | 51.00 | 59.00 | OK |
Version: 1.0.0
Check: dependencies in R code
Result: NOTE
Namespace in Imports field not imported from: ‘gbm’
All declared Imports should be used.
Flavors: r-devel-linux-x86_64-fedora-clang, r-devel-linux-x86_64-fedora-gcc, r-release-macos-arm64, r-release-macos-x86_64, r-oldrel-macos-arm64, r-oldrel-macos-x86_64