CRAN Package Check Results for Package stepR

Last updated on 2021-04-22 23:49:56 CEST.

Flavor Version Tinstall Tcheck Ttotal Status Flags
r-devel-linux-x86_64-debian-clang 2.1-1 254.37 343.74 598.11 OK
r-devel-linux-x86_64-debian-gcc 2.1-1 155.80 242.60 398.40 OK
r-devel-linux-x86_64-fedora-clang 2.1-1 786.66 NOTE
r-devel-linux-x86_64-fedora-gcc 2.1-1 714.11 OK
r-devel-windows-ix86+x86_64 2.1-1 560.00 734.00 1294.00 OK
r-devel-windows-x86_64-gcc10-UCRT 2.1-1 OK
r-patched-linux-x86_64 2.1-1 196.63 325.26 521.89 OK
r-patched-solaris-x86 2.1-1 749.50 OK
r-release-linux-x86_64 2.1-1 186.07 324.67 510.74 OK
r-release-macos-x86_64 2.1-1 NOTE
r-release-windows-ix86+x86_64 2.1-1 553.00 756.00 1309.00 OK
r-oldrel-macos-x86_64 2.1-1 NOTE
r-oldrel-windows-ix86+x86_64 2.1-1 443.00 683.00 1126.00 OK

Check Details

Version: 2.1-1
Check: installed package size
Result: NOTE
     installed size is 7.2Mb
     sub-directories of 1Mb or more:
     libs 6.1Mb
Flavors: r-devel-linux-x86_64-fedora-clang, r-release-macos-x86_64, r-oldrel-macos-x86_64