CRAN Package Check Results for Package statsExpressions

Last updated on 2020-02-17 00:49:29 CET.

Flavor Version Tinstall Tcheck Ttotal Status Flags
r-devel-linux-x86_64-debian-clang 0.3.0 28.36 346.29 374.65 OK
r-devel-linux-x86_64-debian-gcc 0.3.1 0.46 2.18 2.64 ERROR
r-devel-linux-x86_64-fedora-clang 0.3.1 422.54 OK
r-devel-linux-x86_64-fedora-gcc 0.3.1 232.63 OK
r-devel-windows-ix86+x86_64 0.3.1 55.00 313.00 368.00 OK
r-devel-windows-ix86+x86_64-gcc8 0.2.1 109.00 353.00 462.00 OK
r-patched-linux-x86_64 0.3.0 23.94 288.07 312.01 OK
r-patched-solaris-x86 0.3.1 555.40 OK
r-release-linux-x86_64 0.3.1 24.30 286.10 310.40 OK
r-release-windows-ix86+x86_64 0.3.0 61.00 298.00 359.00 OK
r-release-osx-x86_64 0.3.1 OK
r-oldrel-windows-ix86+x86_64 0.3.0 37.00 217.00 254.00 OK
r-oldrel-osx-x86_64 0.3.1 OK

Check Details

Version: 0.3.1
Check: package dependencies
Result: ERROR
    Packages required but not available: 'BayesFactor', 'ez'
    
    See section ‘The DESCRIPTION file’ in the ‘Writing R Extensions’
    manual.
Flavor: r-devel-linux-x86_64-debian-gcc