Last updated on 2023-06-10 00:54:59 CEST.
Flavor | Version | Tinstall | Tcheck | Ttotal | Status | Flags |
---|---|---|---|---|---|---|
r-devel-linux-x86_64-debian-clang | 1.3.0 | 9.13 | 159.05 | 168.18 | OK | |
r-devel-linux-x86_64-debian-gcc | 1.3.0 | 10.04 | 111.66 | 121.70 | OK | |
r-devel-linux-x86_64-fedora-clang | 1.3.0 | 222.11 | NOTE | |||
r-devel-linux-x86_64-fedora-gcc | 1.3.0 | 201.61 | NOTE | |||
r-devel-windows-x86_64 | 1.3.0 | 13.00 | 153.00 | 166.00 | OK | |
r-patched-linux-x86_64 | 1.3.0 | 14.25 | 149.04 | 163.29 | OK | |
r-release-linux-x86_64 | 1.3.0 | 9.70 | 151.36 | 161.06 | OK | |
r-release-macos-arm64 | 1.3.0 | 49.00 | OK | |||
r-release-macos-x86_64 | 1.3.0 | 89.00 | OK | |||
r-release-windows-x86_64 | 1.3.0 | 15.00 | 180.00 | 195.00 | OK | |
r-oldrel-macos-arm64 | 1.3.0 | 44.00 | OK | |||
r-oldrel-macos-x86_64 | 1.3.0 | 65.00 | OK | |||
r-oldrel-windows-x86_64 | 1.3.0 | 15.00 | 147.00 | 162.00 | OK |
Version: 1.3.0
Check: dependencies in R code
Result: NOTE
Namespaces in Imports field not imported from:
‘Rdpack’ ‘mathjaxr’
All declared Imports should be used.
Flavors: r-devel-linux-x86_64-fedora-clang, r-devel-linux-x86_64-fedora-gcc