CRAN Package Check Results for Package statnipokladna

Last updated on 2022-07-05 23:55:53 CEST.

Flavor Version Tinstall Tcheck Ttotal Status Flags
r-devel-linux-x86_64-debian-clang 0.7.0 5.79 55.68 61.47 OK
r-devel-linux-x86_64-debian-gcc 0.7.0 4.73 42.06 46.79 OK
r-devel-linux-x86_64-fedora-clang 0.7.0 83.26 NOTE
r-devel-linux-x86_64-fedora-gcc 0.7.0 81.72 NOTE
r-devel-windows-x86_64 0.7.0 53.00 96.00 149.00 OK
r-patched-linux-x86_64 0.7.0 5.96 53.85 59.81 OK
r-release-linux-x86_64 0.7.0 3.96 53.01 56.97 OK
r-release-macos-arm64 0.7.0 27.00 NOTE
r-release-macos-x86_64 0.7.0 51.00 NOTE
r-release-windows-x86_64 0.7.0 68.00 93.00 161.00 OK
r-oldrel-macos-arm64 0.7.0 34.00 NOTE
r-oldrel-macos-x86_64 0.7.0 45.00 NOTE
r-oldrel-windows-ix86+x86_64 0.7.0 14.00 85.00 99.00 OK

Check Details

Version: 0.7.0
Check: dependencies in R code
Result: NOTE
    Namespace in Imports field not imported from: ‘tidyselect’
     All declared Imports should be used.
Flavors: r-devel-linux-x86_64-fedora-clang, r-devel-linux-x86_64-fedora-gcc, r-release-macos-arm64, r-release-macos-x86_64, r-oldrel-macos-arm64, r-oldrel-macos-x86_64

Version: 0.7.0
Check: data for non-ASCII characters
Result: NOTE
     Note: found 52 marked UTF-8 strings
Flavors: r-devel-linux-x86_64-fedora-clang, r-devel-linux-x86_64-fedora-gcc, r-release-macos-arm64, r-release-macos-x86_64, r-oldrel-macos-arm64, r-oldrel-macos-x86_64