CRAN Package Check Results for Package statgenSTA

Last updated on 2023-05-31 01:03:32 CEST.

Flavor Version Tinstall Tcheck Ttotal Status Flags
r-devel-linux-x86_64-debian-clang 1.0.11 12.74 240.97 253.71 NOTE
r-devel-linux-x86_64-debian-gcc 1.0.11 10.41 183.38 193.79 NOTE
r-devel-linux-x86_64-fedora-clang 1.0.11 338.23 NOTE
r-devel-linux-x86_64-fedora-gcc 1.0.11 312.15 NOTE
r-devel-windows-x86_64 1.0.11 11.00 188.00 199.00 NOTE
r-patched-linux-x86_64 1.0.11 10.08 233.78 243.86 NOTE
r-release-linux-x86_64 1.0.11 9.66 230.36 240.02 NOTE
r-release-macos-arm64 1.0.11 98.00 NOTE
r-release-macos-x86_64 1.0.11 161.00 NOTE
r-release-windows-x86_64 1.0.11 15.00 240.00 255.00 NOTE
r-oldrel-macos-arm64 1.0.11 74.00 NOTE
r-oldrel-macos-x86_64 1.0.11 119.00 NOTE
r-oldrel-windows-x86_64 1.0.11 15.00 237.00 252.00 NOTE

Check Details

Version: 1.0.11
Check: package dependencies
Result: NOTE
    Package suggested but not available for checking: ‘asreml’
Flavors: r-devel-linux-x86_64-debian-clang, r-devel-linux-x86_64-debian-gcc, r-devel-linux-x86_64-fedora-clang, r-devel-linux-x86_64-fedora-gcc, r-devel-windows-x86_64, r-patched-linux-x86_64, r-release-linux-x86_64, r-release-macos-arm64, r-release-macos-x86_64, r-release-windows-x86_64, r-oldrel-macos-arm64, r-oldrel-macos-x86_64, r-oldrel-windows-x86_64

Version: 1.0.11
Check: dependencies in R code
Result: NOTE
    Namespace in Imports field not imported from: ‘mapproj’
     All declared Imports should be used.
Flavors: r-devel-linux-x86_64-fedora-clang, r-devel-linux-x86_64-fedora-gcc