CRAN Package Check Results for Package statgenIBD

Last updated on 2022-11-29 22:53:49 CET.

Flavor Version Tinstall Tcheck Ttotal Status Flags
r-devel-linux-x86_64-debian-clang 1.0.5 91.32 100.50 191.82 OK
r-devel-linux-x86_64-debian-gcc 1.0.5 72.29 75.19 147.48 OK
r-devel-linux-x86_64-fedora-clang 1.0.5 298.11 OK
r-devel-linux-x86_64-fedora-gcc 1.0.5 258.42 OK
r-devel-windows-x86_64 1.0.5 103.00 168.00 271.00 OK
r-patched-linux-x86_64 1.0.5 85.31 92.89 178.20 OK
r-release-linux-x86_64 1.0.5 87.54 93.95 181.49 OK
r-release-macos-arm64 1.0.5 82.00 NOTE
r-release-macos-x86_64 1.0.5 102.00 NOTE
r-release-windows-x86_64 1.0.5 218.00 185.00 403.00 OK
r-oldrel-macos-arm64 1.0.5 84.00 NOTE
r-oldrel-macos-x86_64 1.0.5 105.00 NOTE
r-oldrel-windows-ix86+x86_64 1.0.5 243.00 195.00 438.00 NOTE

Check Details

Version: 1.0.5
Check: installed package size
Result: NOTE
     installed size is 7.3Mb
     sub-directories of 1Mb or more:
     extdata 2.4Mb
     libs 4.2Mb
Flavors: r-release-macos-arm64, r-release-macos-x86_64, r-oldrel-macos-arm64, r-oldrel-macos-x86_64, r-oldrel-windows-ix86+x86_64