CRAN Package Check Results for Package startR

Last updated on 2019-12-08 23:47:40 CET.

Flavor Version Tinstall Tcheck Ttotal Status Flags
r-devel-linux-x86_64-debian-clang 0.0.1 7.94 44.92 52.86 NOTE
r-devel-linux-x86_64-debian-gcc 0.0.1 7.79 34.27 42.06 NOTE
r-devel-linux-x86_64-fedora-clang 0.0.1 67.60 NOTE
r-devel-linux-x86_64-fedora-gcc 0.0.1 65.68 NOTE
r-devel-windows-ix86+x86_64 0.0.1 14.00 74.00 88.00 NOTE
r-devel-windows-ix86+x86_64-gcc8 0.0.1 13.00 84.00 97.00 NOTE
r-patched-linux-x86_64 0.0.1 6.89 40.24 47.13 NOTE
r-patched-solaris-x86 0.0.1 83.10 NOTE
r-release-linux-x86_64 0.0.1 7.09 41.49 48.58 NOTE
r-release-windows-ix86+x86_64 0.0.1 17.00 56.00 73.00 NOTE
r-release-osx-x86_64 0.0.1 OK
r-oldrel-windows-ix86+x86_64 0.0.1 6.00 50.00 56.00 NOTE
r-oldrel-osx-x86_64 0.0.1 OK

Check Details

Version: 0.0.1
Check: dependencies in R code
Result: NOTE
    Unexported objects imported by ':::' calls:
     's2dverification:::.KnownLatNames' 's2dverification:::.KnownLonNames'
     See the note in ?`:::` about the use of this operator.
Flavors: r-devel-linux-x86_64-debian-clang, r-devel-linux-x86_64-debian-gcc, r-devel-linux-x86_64-fedora-clang, r-devel-linux-x86_64-fedora-gcc, r-devel-windows-ix86+x86_64, r-devel-windows-ix86+x86_64-gcc8, r-patched-linux-x86_64, r-patched-solaris-x86, r-release-linux-x86_64, r-release-windows-ix86+x86_64, r-oldrel-windows-ix86+x86_64