CRAN Package Check Results for Package starschemar

Last updated on 2021-01-27 23:49:32 CET.

Flavor Version Tinstall Tcheck Ttotal Status Flags
r-devel-linux-x86_64-debian-clang 1.2.0 6.79 94.80 101.59 OK
r-devel-linux-x86_64-debian-gcc 1.2.0 OK
r-devel-linux-x86_64-fedora-clang 1.2.0 126.09 NOTE
r-devel-linux-x86_64-fedora-gcc 1.2.0 121.71 NOTE
r-devel-windows-ix86+x86_64 1.2.0 15.00 129.00 144.00 OK
r-patched-linux-x86_64 1.2.0 6.41 93.49 99.90 OK
r-patched-solaris-x86 1.2.0 166.70 NOTE
r-release-linux-x86_64 1.2.0 6.53 94.27 100.80 OK
r-release-macos-x86_64 1.2.0 NOTE
r-release-windows-ix86+x86_64 1.2.0 15.00 101.00 116.00 OK
r-oldrel-macos-x86_64 1.2.0 NOTE
r-oldrel-windows-ix86+x86_64 1.2.0 27.00 125.00 152.00 OK

Check Details

Version: 1.2.0
Check: dependencies in R code
Result: NOTE
    Namespaces in Imports field not imported from:
     ‘pander’ ‘readr’ ‘tidyselect’
     All declared Imports should be used.
Flavors: r-devel-linux-x86_64-fedora-clang, r-devel-linux-x86_64-fedora-gcc, r-patched-solaris-x86, r-release-macos-x86_64, r-oldrel-macos-x86_64