CRAN Package Check Results for Package stars

Last updated on 2021-01-25 23:49:21 CET.

Flavor Version Tinstall Tcheck Ttotal Status Flags
r-devel-linux-x86_64-debian-clang 0.5-0 13.13 314.50 327.63 NOTE
r-devel-linux-x86_64-debian-gcc 0.5-0 10.58 235.34 245.92 NOTE
r-devel-linux-x86_64-fedora-clang 0.5-0 400.57 NOTE
r-devel-linux-x86_64-fedora-gcc 0.5-0 397.71 NOTE
r-devel-windows-ix86+x86_64 0.5-0 27.00 383.00 410.00 NOTE
r-patched-linux-x86_64 0.5-0 11.18 300.71 311.89 NOTE
r-patched-solaris-x86 0.5-0 518.00 WARN
r-release-linux-x86_64 0.5-0 12.69 300.75 313.44 NOTE
r-release-macos-x86_64 0.5-0 NOTE
r-release-windows-ix86+x86_64 0.5-0 27.00 394.00 421.00 NOTE
r-oldrel-macos-x86_64 0.5-0 NOTE
r-oldrel-windows-ix86+x86_64 0.5-0 18.00 343.00 361.00 NOTE

Check Details

Version: 0.5-0
Check: package dependencies
Result: NOTE
    Package suggested but not available for checking: 'starsdata'
Flavors: r-devel-linux-x86_64-debian-clang, r-devel-linux-x86_64-debian-gcc, r-devel-linux-x86_64-fedora-clang, r-devel-linux-x86_64-fedora-gcc, r-devel-windows-ix86+x86_64, r-patched-linux-x86_64, r-patched-solaris-x86, r-release-linux-x86_64, r-release-macos-x86_64, r-release-windows-ix86+x86_64, r-oldrel-macos-x86_64, r-oldrel-windows-ix86+x86_64

Version: 0.5-0
Check: installed package size
Result: NOTE
     installed size is 8.8Mb
     sub-directories of 1Mb or more:
     doc 2.3Mb
     nc 4.5Mb
Flavors: r-devel-linux-x86_64-fedora-clang, r-devel-windows-ix86+x86_64, r-patched-solaris-x86, r-release-macos-x86_64, r-release-windows-ix86+x86_64, r-oldrel-macos-x86_64, r-oldrel-windows-ix86+x86_64

Version: 0.5-0
Check: re-building of vignette outputs
Result: WARN
    Error(s) in re-building vignettes:
     ...
    --- re-building ‘stars1.Rmd’ using rmarkdown
    Warning in engine$weave(file, quiet = quiet, encoding = enc) :
     Pandoc (>= 1.12.3) and/or pandoc-citeproc not available. Falling back to R Markdown v1.
    --- finished re-building ‘stars1.Rmd’
    
    --- re-building ‘stars2.Rmd’ using rmarkdown
    Warning in engine$weave(file, quiet = quiet, encoding = enc) :
     Pandoc (>= 1.12.3) and/or pandoc-citeproc not available. Falling back to R Markdown v1.
    Quitting from lines 249-253 (stars2.Rmd)
    Error: processing vignette 'stars2.Rmd' failed with diagnostics:
    don't know how to merge arrays: please specify parameter along
    --- failed re-building ‘stars2.Rmd’
    
    --- re-building ‘stars3.Rmd’ using rmarkdown
    Warning in engine$weave(file, quiet = quiet, encoding = enc) :
     Pandoc (>= 1.12.3) and/or pandoc-citeproc not available. Falling back to R Markdown v1.
    --- finished re-building ‘stars3.Rmd’
    
    --- re-building ‘stars4.Rmd’ using rmarkdown
    Warning in engine$weave(file, quiet = quiet, encoding = enc) :
     Pandoc (>= 1.12.3) and/or pandoc-citeproc not available. Falling back to R Markdown v1.
    --- finished re-building ‘stars4.Rmd’
    
    --- re-building ‘stars5.Rmd’ using rmarkdown
    Warning in engine$weave(file, quiet = quiet, encoding = enc) :
     Pandoc (>= 1.12.3) and/or pandoc-citeproc not available. Falling back to R Markdown v1.
    --- finished re-building ‘stars5.Rmd’
    
    --- re-building ‘stars6.Rmd’ using rmarkdown
    Warning in engine$weave(file, quiet = quiet, encoding = enc) :
     Pandoc (>= 1.12.3) and/or pandoc-citeproc not available. Falling back to R Markdown v1.
    --- finished re-building ‘stars6.Rmd’
    
    --- re-building ‘stars7.Rmd’ using rmarkdown
    Warning in engine$weave(file, quiet = quiet, encoding = enc) :
     Pandoc (>= 1.12.3) and/or pandoc-citeproc not available. Falling back to R Markdown v1.
    --- finished re-building ‘stars7.Rmd’
    
    SUMMARY: processing the following file failed:
     ‘stars2.Rmd’
    
    Error: Vignette re-building failed.
    Execution halted
Flavor: r-patched-solaris-x86