CRAN Package Check Results for Package starnet

Last updated on 2022-01-21 23:49:02 CET.

Flavor Version Tinstall Tcheck Ttotal Status Flags
r-devel-linux-x86_64-debian-clang 0.0.6 6.97 109.07 116.04 NOTE
r-devel-linux-x86_64-debian-gcc 0.0.6 5.59 84.40 89.99 NOTE
r-devel-linux-x86_64-fedora-clang 0.0.6 138.86 NOTE
r-devel-linux-x86_64-fedora-gcc 0.0.6 134.76 NOTE
r-devel-windows-x86_64-new-UL 0.0.6 27.00 134.00 161.00 NOTE
r-devel-windows-x86_64-new-TK 0.0.6 NOTE
r-patched-linux-x86_64 0.0.6 4.68 107.48 112.16 NOTE
r-release-linux-x86_64 0.0.6 6.91 107.41 114.32 NOTE
r-release-macos-arm64 0.0.6 NOTE
r-release-macos-x86_64 0.0.6 NOTE
r-release-windows-ix86+x86_64 0.0.6 14.00 125.00 139.00 NOTE
r-oldrel-macos-x86_64 0.0.6 OK
r-oldrel-windows-ix86+x86_64 0.0.6 14.00 126.00 140.00 OK

Check Details

Version: 0.0.6
Check: LazyData
Result: NOTE
     'LazyData' is specified without a 'data' directory
Flavors: r-devel-linux-x86_64-debian-clang, r-devel-linux-x86_64-debian-gcc, r-devel-linux-x86_64-fedora-clang, r-devel-linux-x86_64-fedora-gcc, r-devel-windows-x86_64-new-UL, r-devel-windows-x86_64-new-TK, r-patched-linux-x86_64, r-release-linux-x86_64, r-release-macos-arm64, r-release-macos-x86_64, r-release-windows-ix86+x86_64