CRAN Package Check Results for Package starma

Last updated on 2019-12-08 23:47:40 CET.

Flavor Version Tinstall Tcheck Ttotal Status Flags
r-devel-linux-x86_64-debian-clang 1.3 48.20 54.36 102.56 OK
r-devel-linux-x86_64-debian-gcc 1.3 34.84 41.77 76.61 OK
r-devel-linux-x86_64-fedora-clang 1.3 134.50 NOTE
r-devel-linux-x86_64-fedora-gcc 1.3 133.48 NOTE
r-devel-windows-ix86+x86_64 1.3 91.00 134.00 225.00 OK
r-devel-windows-ix86+x86_64-gcc8 1.3 108.00 158.00 266.00 OK
r-patched-linux-x86_64 1.3 39.04 47.59 86.63 OK
r-patched-solaris-x86 1.3 147.20 OK
r-release-linux-x86_64 1.3 37.54 50.00 87.54 OK
r-release-windows-ix86+x86_64 1.3 86.00 100.00 186.00 OK
r-release-osx-x86_64 1.3 OK
r-oldrel-windows-ix86+x86_64 1.3 80.00 95.00 175.00 OK
r-oldrel-osx-x86_64 1.3 OK

Check Details

Version: 1.3
Check: compiled code
Result: NOTE
    File ‘starma/libs/starma.so’:
     Found no calls to: ‘R_registerRoutines’, ‘R_useDynamicSymbols’
    
    It is good practice to register native routines and to disable symbol
    search.
    
    See ‘Writing portable packages’ in the ‘Writing R Extensions’ manual.
Flavors: r-devel-linux-x86_64-fedora-clang, r-devel-linux-x86_64-fedora-gcc