CRAN Package Check Results for Package starma

Last updated on 2022-11-28 22:51:36 CET.

Flavor Version Tinstall Tcheck Ttotal Status Flags
r-devel-linux-x86_64-debian-clang 1.3 53.03 73.95 126.98 OK
r-devel-linux-x86_64-debian-gcc 1.3 45.42 55.18 100.60 OK
r-devel-linux-x86_64-fedora-clang 1.3 192.46 NOTE
r-devel-linux-x86_64-fedora-gcc 1.3 170.71 NOTE
r-devel-windows-x86_64 1.3 48.00 124.00 172.00 OK
r-patched-linux-x86_64 1.3 46.39 69.05 115.44 OK
r-release-linux-x86_64 1.3 50.11 68.83 118.94 OK
r-release-macos-arm64 1.3 49.00 OK
r-release-macos-x86_64 1.3 82.00 OK
r-release-windows-x86_64 1.3 187.00 127.00 314.00 OK
r-oldrel-macos-arm64 1.3 55.00 OK
r-oldrel-macos-x86_64 1.3 83.00 OK
r-oldrel-windows-ix86+x86_64 1.3 132.00 148.00 280.00 OK

Check Details

Version: 1.3
Check: compiled code
Result: NOTE
    File ‘starma/libs/starma.so’:
     Found no calls to: ‘R_registerRoutines’, ‘R_useDynamicSymbols’
    
    It is good practice to register native routines and to disable symbol
    search.
    
    See ‘Writing portable packages’ in the ‘Writing R Extensions’ manual.
Flavors: r-devel-linux-x86_64-fedora-clang, r-devel-linux-x86_64-fedora-gcc