Last updated on 2023-09-21 00:56:45 CEST.
Flavor | Version | Tinstall | Tcheck | Ttotal | Status | Flags |
---|---|---|---|---|---|---|
r-devel-linux-x86_64-debian-clang | 1.3 | 59.33 | 68.10 | 127.43 | OK | |
r-devel-linux-x86_64-debian-gcc | 1.3 | 38.78 | 50.90 | 89.68 | OK | |
r-devel-linux-x86_64-fedora-clang | 1.3 | 170.30 | NOTE | |||
r-devel-linux-x86_64-fedora-gcc | 1.3 | 170.82 | NOTE | |||
r-devel-windows-x86_64 | 1.3 | 46.00 | 88.00 | 134.00 | OK | |
r-patched-linux-x86_64 | 1.3 | 56.21 | 64.32 | 120.53 | OK | |
r-release-linux-x86_64 | 1.3 | 55.10 | 63.97 | 119.07 | OK | |
r-release-macos-arm64 | 1.3 | 50.00 | OK | |||
r-release-macos-x86_64 | 1.3 | 81.00 | OK | |||
r-release-windows-x86_64 | 1.3 | 58.00 | 104.00 | 162.00 | OK | |
r-oldrel-macos-arm64 | 1.3 | 49.00 | OK | |||
r-oldrel-macos-x86_64 | 1.3 | 82.00 | OK | |||
r-oldrel-windows-x86_64 | 1.3 | 56.00 | 101.00 | 157.00 | OK |
Version: 1.3
Check: compiled code
Result: NOTE
File ‘starma/libs/starma.so’:
Found no calls to: ‘R_registerRoutines’, ‘R_useDynamicSymbols’
It is good practice to register native routines and to disable symbol
search.
See ‘Writing portable packages’ in the ‘Writing R Extensions’ manual.
Flavors: r-devel-linux-x86_64-fedora-clang, r-devel-linux-x86_64-fedora-gcc