CRAN Package Check Results for Package stabs

Last updated on 2021-04-22 23:49:56 CEST.

Flavor Version Tinstall Tcheck Ttotal Status Flags
r-devel-linux-x86_64-debian-clang 0.6-4 2.81 73.63 76.44 NOTE
r-devel-linux-x86_64-debian-gcc 0.6-4 2.28 57.62 59.90 NOTE
r-devel-linux-x86_64-fedora-clang 0.6-4 98.56 NOTE
r-devel-linux-x86_64-fedora-gcc 0.6-4 90.23 NOTE
r-devel-windows-ix86+x86_64 0.6-4 7.00 74.00 81.00 NOTE
r-devel-windows-x86_64-gcc10-UCRT 0.6-4 NOTE
r-patched-linux-x86_64 0.6-4 3.25 72.35 75.60 OK
r-patched-solaris-x86 0.6-4 149.60 OK
r-release-linux-x86_64 0.6-4 3.13 70.81 73.94 OK
r-release-macos-x86_64 0.6-4 OK
r-release-windows-ix86+x86_64 0.6-4 7.00 64.00 71.00 OK
r-oldrel-macos-x86_64 0.6-4 OK
r-oldrel-windows-ix86+x86_64 0.6-4 5.00 64.00 69.00 OK

Check Details

Version: 0.6-4
Check: LazyData
Result: NOTE
     'LazyData' is specified without a 'data' directory
Flavors: r-devel-linux-x86_64-debian-clang, r-devel-linux-x86_64-debian-gcc, r-devel-linux-x86_64-fedora-clang, r-devel-linux-x86_64-fedora-gcc, r-devel-windows-ix86+x86_64, r-devel-windows-x86_64-gcc10-UCRT