CRAN Package Check Results for Package ssrm.logmer

Last updated on 2022-12-02 23:50:40 CET.

Flavor Version Tinstall Tcheck Ttotal Status Flags
r-devel-linux-x86_64-debian-clang 0.1 2.32 23.77 26.09 NOTE
r-devel-linux-x86_64-debian-gcc 0.1 1.90 18.89 20.79 NOTE
r-devel-linux-x86_64-fedora-clang 0.1 46.34 NOTE
r-devel-linux-x86_64-fedora-gcc 0.1 42.45 NOTE
r-devel-windows-x86_64 0.1 9.00 56.00 65.00 NOTE
r-patched-linux-x86_64 0.1 2.32 23.57 25.89 NOTE
r-release-linux-x86_64 0.1 2.00 23.52 25.52 NOTE
r-release-macos-arm64 0.1 15.00 NOTE
r-release-macos-x86_64 0.1 23.00 NOTE
r-release-windows-x86_64 0.1 5.00 60.00 65.00 NOTE
r-oldrel-macos-arm64 0.1 18.00 NOTE
r-oldrel-macos-x86_64 0.1 25.00 NOTE
r-oldrel-windows-ix86+x86_64 0.1 5.00 50.00 55.00 NOTE

Check Details

Version: 0.1
Check: LazyData
Result: NOTE
     'LazyData' is specified without a 'data' directory
Flavors: r-devel-linux-x86_64-debian-clang, r-devel-linux-x86_64-debian-gcc, r-devel-linux-x86_64-fedora-clang, r-devel-linux-x86_64-fedora-gcc, r-devel-windows-x86_64, r-patched-linux-x86_64, r-release-linux-x86_64, r-release-macos-arm64, r-release-macos-x86_64, r-release-windows-x86_64, r-oldrel-macos-arm64, r-oldrel-macos-x86_64, r-oldrel-windows-ix86+x86_64