CRAN Package Check Results for Package ssfa

Last updated on 2019-09-08 23:47:26 CEST.

Flavor Version Tinstall Tcheck Ttotal Status Flags
r-devel-linux-x86_64-debian-clang 1.1 NOTE
r-devel-linux-x86_64-debian-gcc 1.1 8.07 75.16 83.23 WARN
r-devel-linux-x86_64-fedora-clang 1.1 134.38 NOTE
r-devel-linux-x86_64-fedora-gcc 1.1 132.96 NOTE
r-devel-windows-ix86+x86_64 1.1 26.00 98.00 124.00 NOTE
r-patched-linux-x86_64 1.1 10.21 91.98 102.19 WARN
r-patched-solaris-x86 1.1 203.70 NOTE
r-release-linux-x86_64 1.1 9.19 91.60 100.79 WARN
r-release-windows-ix86+x86_64 1.1 18.00 149.00 167.00 NOTE
r-release-osx-x86_64 1.1 NOTE
r-oldrel-windows-ix86+x86_64 1.1 18.00 96.00 114.00 NOTE
r-oldrel-osx-x86_64 1.1 NOTE

Check Details

Version: 1.1
Check: R code for possible problems
Result: NOTE
    L_hNV: no visible global function definition for 'pnorm'
    L_hNV_rho: no visible global function definition for 'pnorm'
    eff.ssfa: no visible global function definition for 'pnorm'
    plot_fitted: no visible global function definition for 'lines'
    plot_moran: no visible global function definition for 'residuals'
    print.summary.ssfa: no visible global function definition for
     'printCoefmat'
    ssfa: no visible global function definition for 'model.frame'
    ssfa: no visible global function definition for 'model.response'
    ssfa.fit: no visible global function definition for 'lm'
    ssfa.fit: no visible global function definition for 'var'
    ssfa.fit: no visible global function definition for 'logLik'
    summary.ssfa: no visible global function definition for 'pnorm'
    summary.ssfa: no visible global function definition for 'logLik'
    summary.ssfa: no visible global function definition for 'pchisq'
    summary.ssfa: no visible binding for global variable 'df'
    u.ssfa: no visible global function definition for 'dnorm'
    u.ssfa: no visible global function definition for 'pnorm'
    Undefined global functions or variables:
     df dnorm lines lm logLik model.frame model.response pchisq pnorm
     printCoefmat residuals var
    Consider adding
     importFrom("graphics", "lines")
     importFrom("stats", "df", "dnorm", "lm", "logLik", "model.frame",
     "model.response", "pchisq", "pnorm", "printCoefmat",
     "residuals", "var")
    to your NAMESPACE file.
Flavors: r-devel-linux-x86_64-debian-clang, r-devel-linux-x86_64-debian-gcc, r-devel-linux-x86_64-fedora-clang, r-devel-linux-x86_64-fedora-gcc, r-devel-windows-ix86+x86_64, r-patched-linux-x86_64, r-patched-solaris-x86, r-release-linux-x86_64, r-release-windows-ix86+x86_64, r-release-osx-x86_64, r-oldrel-windows-ix86+x86_64, r-oldrel-osx-x86_64

Version: 1.1
Check: re-building of vignette outputs
Result: WARN
    Error(s) in re-building vignettes:
     ...
    --- re-building ‘ssfavignette.Rnw’ using Sweave
    Loading required package: Matrix
    Loading required package: maxLik
    Loading required package: miscTools
    
    Please cite the 'maxLik' package as:
    Henningsen, Arne and Toomet, Ott (2011). maxLik: A package for maximum likelihood estimation in R. Computational Statistics 26(3), 443-458. DOI 10.1007/s00180-010-0217-1.
    
    If you have questions, suggestions, or comments regarding the 'maxLik' package, please use a forum or 'tracker' at maxLik's R-Forge site:
    https://r-forge.r-project.org/projects/maxlik/
    Loading required package: spdep
    Loading required package: sp
    Loading required package: spData
    To access larger datasets in this package, install the spDataLarge
    package with: `install.packages('spDataLarge',
    repos='https://nowosad.github.io/drat/', type='source')`
    Loading required package: sf
    Linking to GEOS 3.7.2, GDAL 2.4.2, PROJ 6.2.0
    Error: processing vignette 'ssfavignette.Rnw' failed with diagnostics:
    Running ‘texi2dvi’ on ‘ssfavignette.tex’ failed.
    LaTeX errors:
    ! LaTeX Error: Unknown float option `H'.
    
    See the LaTeX manual or LaTeX Companion for explanation.
    Type H <return> for immediate help.
     ...
    ! LaTeX Error: Unknown float option `H'.
    
    See the LaTeX manual or LaTeX Companion for explanation.
    Type H <return> for immediate help.
     ...
    ! LaTeX Error: Unknown float option `H'.
    
    See the LaTeX manual or LaTeX Companion for explanation.
    Type H <return> for immediate help.
     ...
    ! LaTeX Error: Unknown float option `H'.
    
    See the LaTeX manual or LaTeX Companion for explanation.
    Type H <return> for immediate help.
     ...
    ! LaTeX Error: Unknown float option `H'.
    
    See the LaTeX manual or LaTeX Companion for explanation.
    Type H <return> for immediate help.
     ...
    --- failed re-building ‘ssfavignette.Rnw’
    
    SUMMARY: processing the following file failed:
     ‘ssfavignette.Rnw’
    
    Error: Vignette re-building failed.
    Execution halted
Flavors: r-devel-linux-x86_64-debian-gcc, r-patched-linux-x86_64, r-release-linux-x86_64