CRAN Package Check Results for Package ssfa

Last updated on 2019-06-07 02:51:11 CEST.

Flavor Version Tinstall Tcheck Ttotal Status Flags
r-devel-linux-x86_64-debian-clang 1.1 9.44 94.71 104.15 NOTE
r-devel-linux-x86_64-debian-gcc 1.1 8.48 74.26 82.74 NOTE
r-devel-linux-x86_64-fedora-clang 1.1 127.31 NOTE
r-devel-linux-x86_64-fedora-gcc 1.1 140.33 NOTE
r-devel-windows-ix86+x86_64 1.1 26.00 156.00 182.00 NOTE
r-patched-linux-x86_64 1.1 10.38 93.68 104.06 NOTE
r-patched-solaris-x86 1.1 210.70 NOTE
r-release-linux-x86_64 1.1 8.93 93.77 102.70 NOTE
r-release-windows-ix86+x86_64 1.1 26.00 147.00 173.00 NOTE
r-release-osx-x86_64 1.1 NOTE
r-oldrel-windows-ix86+x86_64 1.1 16.00 145.00 161.00 NOTE
r-oldrel-osx-x86_64 1.1 NOTE

Check Details

Version: 1.1
Check: R code for possible problems
Result: NOTE
    L_hNV: no visible global function definition for 'pnorm'
    L_hNV_rho: no visible global function definition for 'pnorm'
    eff.ssfa: no visible global function definition for 'pnorm'
    plot_fitted: no visible global function definition for 'lines'
    plot_moran: no visible global function definition for 'residuals'
    print.summary.ssfa: no visible global function definition for
     'printCoefmat'
    ssfa: no visible global function definition for 'model.frame'
    ssfa: no visible global function definition for 'model.response'
    ssfa.fit: no visible global function definition for 'lm'
    ssfa.fit: no visible global function definition for 'var'
    ssfa.fit: no visible global function definition for 'logLik'
    summary.ssfa: no visible global function definition for 'pnorm'
    summary.ssfa: no visible global function definition for 'logLik'
    summary.ssfa: no visible global function definition for 'pchisq'
    summary.ssfa: no visible binding for global variable 'df'
    u.ssfa: no visible global function definition for 'dnorm'
    u.ssfa: no visible global function definition for 'pnorm'
    Undefined global functions or variables:
     df dnorm lines lm logLik model.frame model.response pchisq pnorm
     printCoefmat residuals var
    Consider adding
     importFrom("graphics", "lines")
     importFrom("stats", "df", "dnorm", "lm", "logLik", "model.frame",
     "model.response", "pchisq", "pnorm", "printCoefmat",
     "residuals", "var")
    to your NAMESPACE file.
Flavors: r-devel-linux-x86_64-debian-clang, r-devel-linux-x86_64-debian-gcc, r-devel-linux-x86_64-fedora-clang, r-devel-linux-x86_64-fedora-gcc, r-devel-windows-ix86+x86_64, r-patched-linux-x86_64, r-patched-solaris-x86, r-release-linux-x86_64, r-release-windows-ix86+x86_64, r-release-osx-x86_64, r-oldrel-windows-ix86+x86_64, r-oldrel-osx-x86_64