CRAN Package Check Results for Package spsur

Last updated on 2021-02-23 23:50:48 CET.

Flavor Version Tinstall Tcheck Ttotal Status Flags
r-devel-linux-x86_64-debian-clang 1.0.1.6 23.97 215.41 239.38 OK
r-devel-linux-x86_64-debian-gcc 1.0.1.6 18.75 158.27 177.02 OK
r-devel-linux-x86_64-fedora-clang 1.0.1.6 308.80 NOTE
r-devel-linux-x86_64-fedora-gcc 1.0.1.6 291.78 NOTE
r-devel-windows-ix86+x86_64 1.0.1.6 35.00 174.00 209.00 OK
r-patched-linux-x86_64 1.0.1.6 24.50 195.46 219.96 OK
r-patched-solaris-x86 1.0.1.6 377.80 NOTE
r-release-linux-x86_64 1.0.1.6 25.96 195.58 221.54 OK
r-release-macos-x86_64 1.0.1.6 NOTE
r-release-windows-ix86+x86_64 1.0.1.6 52.00 256.00 308.00 OK
r-oldrel-macos-x86_64 1.0.1.6 NOTE
r-oldrel-windows-ix86+x86_64 1.0.1.6 34.00 240.00 274.00 OK

Check Details

Version: 1.0.1.6
Check: dependencies in R code
Result: NOTE
    Namespaces in Imports field not imported from:
     ‘Rdpack’ ‘car’ ‘knitr’ ‘lmtest’ ‘rmarkdown’
     All declared Imports should be used.
Flavors: r-devel-linux-x86_64-fedora-clang, r-devel-linux-x86_64-fedora-gcc, r-patched-solaris-x86, r-release-macos-x86_64, r-oldrel-macos-x86_64