Last updated on 2022-08-08 23:53:09 CEST.
Flavor | Version | Tinstall | Tcheck | Ttotal | Status | Flags |
---|---|---|---|---|---|---|
r-devel-linux-x86_64-debian-clang | 0.2.2 | 5.06 | 29.25 | 34.31 | OK | |
r-devel-linux-x86_64-debian-gcc | 0.2.2 | 3.86 | 23.19 | 27.05 | OK | |
r-devel-linux-x86_64-fedora-clang | 0.2.2 | 51.10 | NOTE | |||
r-devel-linux-x86_64-fedora-gcc | 0.2.2 | 50.67 | OK | |||
r-devel-windows-x86_64 | 0.2.2 | 13.00 | 54.00 | 67.00 | OK | |
r-patched-linux-x86_64 | 0.2.2 | 4.77 | 28.11 | 32.88 | OK | |
r-release-linux-x86_64 | 0.2.2 | OK | ||||
r-release-macos-arm64 | 0.2.2 | 18.00 | OK | |||
r-release-macos-x86_64 | 0.2.2 | 27.00 | OK | |||
r-release-windows-x86_64 | 0.2.2 | 17.00 | 56.00 | 73.00 | OK | |
r-oldrel-macos-arm64 | 0.2.2 | 18.00 | OK | |||
r-oldrel-macos-x86_64 | 0.2.2 | 28.00 | OK | |||
r-oldrel-windows-ix86+x86_64 | 0.2.2 | 10.00 | 50.00 | 60.00 | OK |
Version: 0.2.2
Check: Rd cross-references
Result: NOTE
Undeclared package ‘shiny’ in Rd xrefs
Flavor: r-devel-linux-x86_64-fedora-clang