Last updated on 2021-02-25 23:49:12 CET.
Flavor | Version | Tinstall | Tcheck | Ttotal | Status | Flags |
---|---|---|---|---|---|---|
r-devel-linux-x86_64-debian-clang | 0.1.0 | 20.11 | 34.53 | 54.64 | NOTE | |
r-devel-linux-x86_64-debian-gcc | 0.1.0 | 11.29 | 27.07 | 38.36 | NOTE | |
r-devel-linux-x86_64-fedora-clang | 0.1.0 | 83.49 | NOTE | |||
r-devel-linux-x86_64-fedora-gcc | 0.1.0 | 65.01 | NOTE | |||
r-devel-windows-ix86+x86_64 | 0.1.0 | 31.00 | 62.00 | 93.00 | NOTE | |
r-patched-linux-x86_64 | 0.1.0 | 15.18 | 32.40 | 47.58 | NOTE | |
r-patched-solaris-x86 | 0.1.0 | 81.00 | NOTE | |||
r-release-linux-x86_64 | 0.1.0 | 16.67 | 32.69 | 49.36 | NOTE | |
r-release-macos-x86_64 | 0.1.0 | NOTE | ||||
r-release-windows-ix86+x86_64 | 0.1.0 | 49.00 | 79.00 | 128.00 | NOTE | |
r-oldrel-macos-x86_64 | 0.1.0 | NOTE | ||||
r-oldrel-windows-ix86+x86_64 | 0.1.0 | 29.00 | 80.00 | 109.00 | OK |
Version: 0.1.0
Check: package vignettes
Result: NOTE
Package vignette with placeholder title 'Vignette Title':
'spreadr_vignette.Rmd'
Flavors: r-devel-linux-x86_64-debian-clang, r-devel-linux-x86_64-debian-gcc, r-devel-windows-ix86+x86_64, r-patched-linux-x86_64, r-release-linux-x86_64, r-release-windows-ix86+x86_64
Version: 0.1.0
Check: dependencies in R code
Result: NOTE
Namespaces in Imports field not imported from:
‘extrafont’ ‘ggplot2’
All declared Imports should be used.
Flavors: r-devel-linux-x86_64-fedora-clang, r-devel-linux-x86_64-fedora-gcc, r-patched-solaris-x86, r-release-macos-x86_64, r-oldrel-macos-x86_64