CRAN Package Check Results for Package spongecake

Last updated on 2023-01-28 23:51:52 CET.

Flavor Version Tinstall Tcheck Ttotal Status Flags
r-devel-linux-x86_64-debian-clang 0.1.2 5.25 51.35 56.60 NOTE
r-devel-linux-x86_64-debian-gcc 0.1.2 3.70 38.05 41.75 NOTE
r-devel-linux-x86_64-fedora-clang 0.1.2 68.49 NOTE
r-devel-linux-x86_64-fedora-gcc 0.1.2 68.18 NOTE
r-patched-linux-x86_64 0.1.2 5.22 49.56 54.78 NOTE
r-release-linux-x86_64 0.1.2 5.86 51.43 57.29 NOTE
r-release-macos-arm64 0.1.2 22.00 NOTE
r-release-macos-x86_64 0.1.2 49.00 NOTE
r-release-windows-x86_64 0.1.2 16.00 76.00 92.00 NOTE
r-oldrel-macos-arm64 0.1.2 26.00 NOTE
r-oldrel-macos-x86_64 0.1.2 42.00 NOTE
r-oldrel-windows-ix86+x86_64 0.1.2 14.00 74.00 88.00 NOTE

Check Details

Version: 0.1.2
Check: LazyData
Result: NOTE
     'LazyData' is specified without a 'data' directory
Flavors: r-devel-linux-x86_64-debian-clang, r-devel-linux-x86_64-debian-gcc, r-devel-linux-x86_64-fedora-clang, r-devel-linux-x86_64-fedora-gcc, r-patched-linux-x86_64, r-release-linux-x86_64, r-release-macos-arm64, r-release-macos-x86_64, r-release-windows-x86_64, r-oldrel-macos-arm64, r-oldrel-macos-x86_64, r-oldrel-windows-ix86+x86_64