CRAN Package Check Results for Package splitstackshape

Last updated on 2020-09-22 23:53:22 CEST.

Flavor Version Tinstall Tcheck Ttotal Status Flags
r-devel-linux-x86_64-debian-clang 1.4.8 3.32 36.27 39.59 OK
r-devel-linux-x86_64-debian-gcc 1.4.8 2.44 27.43 29.87 OK
r-devel-linux-x86_64-fedora-clang 1.4.8 58.32 NOTE
r-devel-linux-x86_64-fedora-gcc 1.4.8 45.00 OK
r-devel-windows-ix86+x86_64 1.4.8 8.00 56.00 64.00 OK
r-patched-linux-x86_64 1.4.8 3.33 33.42 36.75 OK
r-patched-solaris-x86 1.4.8 69.20 OK
r-release-linux-x86_64 1.4.8 3.42 33.69 37.11 OK
r-release-macos-x86_64 1.4.8 OK
r-release-windows-ix86+x86_64 1.4.8 6.00 69.00 75.00 OK
r-oldrel-macos-x86_64 1.4.8 OK
r-oldrel-windows-ix86+x86_64 1.4.8 4.00 55.00 59.00 OK

Check Details

Version: 1.4.8
Check: Rd cross-references
Result: NOTE
    Undeclared packages ‘reshape2’, ‘sampling’, ‘dplyr’ in Rd xrefs
Flavor: r-devel-linux-x86_64-fedora-clang