Last updated on 2022-06-25 23:56:30 CEST.
Flavor | Version | Tinstall | Tcheck | Ttotal | Status | Flags |
---|---|---|---|---|---|---|
r-devel-linux-x86_64-debian-clang | 0.1.0 | 128.46 | 46.38 | 174.84 | OK | |
r-devel-linux-x86_64-debian-gcc | 0.1.0 | 105.95 | 34.68 | 140.63 | OK | |
r-devel-linux-x86_64-fedora-clang | 0.1.0 | 278.01 | NOTE | |||
r-devel-linux-x86_64-fedora-gcc | 0.1.0 | 240.60 | NOTE | |||
r-devel-windows-x86_64 | 0.1.0 | 99.00 | 91.00 | 190.00 | OK | |
r-patched-linux-x86_64 | 0.1.0 | 114.13 | 45.34 | 159.47 | OK | |
r-release-linux-x86_64 | 0.1.0 | 117.01 | 45.22 | 162.23 | OK | |
r-release-macos-arm64 | 0.1.0 | 61.00 | NOTE | |||
r-release-macos-x86_64 | 0.1.0 | 75.00 | NOTE | |||
r-release-windows-x86_64 | 0.1.0 | 106.00 | 93.00 | 199.00 | OK | |
r-oldrel-macos-arm64 | 0.1.0 | 69.00 | NOTE | |||
r-oldrel-macos-x86_64 | 0.1.0 | 93.00 | NOTE | |||
r-oldrel-windows-ix86+x86_64 | 0.1.0 | 305.00 | 108.00 | 413.00 | OK |
Version: 0.1.0
Check: installed package size
Result: NOTE
installed size is 5.2Mb
sub-directories of 1Mb or more:
libs 4.6Mb
Flavors: r-devel-linux-x86_64-fedora-clang, r-release-macos-arm64, r-release-macos-x86_64, r-oldrel-macos-arm64, r-oldrel-macos-x86_64
Version: 0.1.0
Check: dependencies in R code
Result: NOTE
Namespace in Imports field not imported from: ‘MASS’
All declared Imports should be used.
Flavors: r-devel-linux-x86_64-fedora-clang, r-devel-linux-x86_64-fedora-gcc, r-release-macos-arm64, r-release-macos-x86_64, r-oldrel-macos-arm64, r-oldrel-macos-x86_64