Last updated on 2023-02-03 23:51:50 CET.
Flavor | Version | Tinstall | Tcheck | Ttotal | Status | Flags |
---|---|---|---|---|---|---|
r-devel-linux-x86_64-debian-clang | 2.0 | 20.34 | 199.97 | 220.31 | OK | |
r-devel-linux-x86_64-debian-gcc | 2.0 | 16.64 | 148.14 | 164.78 | OK | |
r-devel-linux-x86_64-fedora-clang | 2.0 | 273.34 | NOTE | |||
r-devel-linux-x86_64-fedora-gcc | 2.0 | 279.01 | NOTE | |||
r-patched-linux-x86_64 | 2.0 | 20.23 | 191.98 | 212.21 | OK | |
r-release-linux-x86_64 | 2.0 | 19.94 | 195.50 | 215.44 | OK | |
r-release-macos-arm64 | 2.0 | 132.00 | NOTE | |||
r-release-macos-x86_64 | 2.0 | 192.00 | NOTE | |||
r-release-windows-x86_64 | 2.0 | 38.00 | 249.00 | 287.00 | OK | |
r-oldrel-macos-arm64 | 2.0 | 115.00 | NOTE | |||
r-oldrel-macos-x86_64 | 2.0 | 187.00 | NOTE | |||
r-oldrel-windows-ix86+x86_64 | 2.0 | 42.00 | 225.00 | 267.00 | OK |
Version: 2.0
Check: dependencies in R code
Result: NOTE
Namespaces in Imports field not imported from:
‘sf’ ‘spData’
All declared Imports should be used.
Flavors: r-devel-linux-x86_64-fedora-clang, r-devel-linux-x86_64-fedora-gcc, r-release-macos-arm64, r-release-macos-x86_64, r-oldrel-macos-arm64, r-oldrel-macos-x86_64