CRAN Package Check Results for Package spfrontier

Last updated on 2019-08-11 23:47:41 CEST.

Flavor Version Tinstall Tcheck Ttotal Status Flags
r-devel-linux-x86_64-debian-clang 0.2.3 12.03 101.49 113.52 NOTE
r-devel-linux-x86_64-debian-gcc 0.2.3 9.43 80.01 89.44 NOTE
r-devel-linux-x86_64-fedora-clang 0.2.3 137.90 NOTE
r-devel-linux-x86_64-fedora-gcc 0.2.3 131.13 NOTE
r-devel-windows-ix86+x86_64 0.2.3 25.00 157.00 182.00 OK
r-patched-linux-x86_64 0.2.3 11.90 100.11 112.01 OK
r-patched-solaris-x86 0.2.3 215.90 OK
r-release-linux-x86_64 0.2.3 11.26 102.40 113.66 OK
r-release-windows-ix86+x86_64 0.2.3 43.00 114.00 157.00 OK
r-release-osx-x86_64 0.2.3 OK
r-oldrel-windows-ix86+x86_64 0.2.3 27.00 174.00 201.00 OK
r-oldrel-osx-x86_64 0.2.3 OK

Check Details

Version: 0.2.3
Check: for non-standard things in the check directory
Result: NOTE
    Found the following files/directories:
     'test26612-270.rData' 'test26612-35.rData' 'test26612-48.rData'
     'test26612-92.rData'
Flavor: r-devel-linux-x86_64-debian-clang

Version: 0.2.3
Check: for non-standard things in the check directory
Result: NOTE
    Found the following files/directories:
     ‘test24254-270.rData’ ‘test24254-35.rData’ ‘test24254-48.rData’
     ‘test24254-92.rData’
Flavor: r-devel-linux-x86_64-debian-gcc

Version: 0.2.3
Check: for non-standard things in the check directory
Result: NOTE
    Found the following files/directories:
     ‘test9973-270.rData’ ‘test9973-35.rData’ ‘test9973-48.rData’
     ‘test9973-92.rData’
Flavor: r-devel-linux-x86_64-fedora-clang

Version: 0.2.3
Check: for non-standard things in the check directory
Result: NOTE
    Found the following files/directories:
     ‘test14446-270.rData’ ‘test14446-35.rData’ ‘test14446-48.rData’
     ‘test14446-92.rData’
Flavor: r-devel-linux-x86_64-fedora-gcc