CRAN Package Check Results for Package spfrontier

Last updated on 2019-06-07 02:51:11 CEST.

Flavor Version Tinstall Tcheck Ttotal Status Flags
r-devel-linux-x86_64-debian-clang 0.2.3 11.35 102.02 113.37 NOTE
r-devel-linux-x86_64-debian-gcc 0.2.3 9.28 79.05 88.33 NOTE
r-devel-linux-x86_64-fedora-clang 0.2.3 136.32 NOTE
r-devel-linux-x86_64-fedora-gcc 0.2.3 132.36 NOTE
r-devel-windows-ix86+x86_64 0.2.3 42.00 173.00 215.00 OK
r-patched-linux-x86_64 0.2.3 11.56 100.36 111.92 OK
r-patched-solaris-x86 0.2.3 240.50 OK
r-release-linux-x86_64 0.2.3 11.25 100.35 111.60 OK
r-release-windows-ix86+x86_64 0.2.3 36.00 152.00 188.00 OK
r-release-osx-x86_64 0.2.3 OK
r-oldrel-windows-ix86+x86_64 0.2.3 19.00 146.00 165.00 OK
r-oldrel-osx-x86_64 0.2.3 OK

Check Details

Version: 0.2.3
Check: for non-standard things in the check directory
Result: NOTE
    Found the following files/directories:
     test25209-270.rData test25209-35.rData test25209-48.rData
     test25209-92.rData
Flavor: r-devel-linux-x86_64-debian-clang

Version: 0.2.3
Check: for non-standard things in the check directory
Result: NOTE
    Found the following files/directories:
     test25251-270.rData test25251-35.rData test25251-48.rData
     test25251-92.rData
Flavor: r-devel-linux-x86_64-debian-gcc

Version: 0.2.3
Check: for non-standard things in the check directory
Result: NOTE
    Found the following files/directories:
     ‘test1774-270.rData’ ‘test1774-35.rData’ ‘test1774-48.rData’
     ‘test1774-92.rData’
Flavor: r-devel-linux-x86_64-fedora-clang

Version: 0.2.3
Check: for non-standard things in the check directory
Result: NOTE
    Found the following files/directories:
     ‘test47859-270.rData’ ‘test47859-35.rData’ ‘test47859-48.rData’
     ‘test47859-92.rData’
Flavor: r-devel-linux-x86_64-fedora-gcc