Last updated on 2023-09-22 00:53:30 CEST.
Flavor | Version | Tinstall | Tcheck | Ttotal | Status | Flags |
---|---|---|---|---|---|---|
r-devel-linux-x86_64-debian-clang | 0.1.1 | 50.68 | 37.16 | 87.84 | NOTE | |
r-devel-linux-x86_64-debian-gcc | 0.1.1 | 32.45 | 27.67 | 60.12 | NOTE | |
r-devel-linux-x86_64-fedora-clang | 0.1.1 | 111.34 | NOTE | |||
r-devel-linux-x86_64-fedora-gcc | 0.1.1 | 117.65 | NOTE | |||
r-devel-windows-x86_64 | 0.1.1 | 34.00 | 73.00 | 107.00 | NOTE | |
r-patched-linux-x86_64 | 0.1.1 | 43.47 | 35.59 | 79.06 | NOTE | |
r-release-linux-x86_64 | 0.1.1 | 50.39 | 35.57 | 85.96 | NOTE | |
r-release-macos-arm64 | 0.1.1 | 34.00 | NOTE | |||
r-release-macos-x86_64 | 0.1.1 | 55.00 | NOTE | |||
r-release-windows-x86_64 | 0.1.1 | 47.00 | 78.00 | 125.00 | NOTE | |
r-oldrel-macos-arm64 | 0.1.1 | 42.00 | OK | |||
r-oldrel-macos-x86_64 | 0.1.1 | 43.00 | OK | |||
r-oldrel-windows-x86_64 | 0.1.1 | 43.00 | 74.00 | 117.00 | OK |
Version: 0.1.1
Check: C++ specification
Result: NOTE
Specified C++11: please drop specification unless essential
Flavors: r-devel-linux-x86_64-debian-clang, r-devel-linux-x86_64-debian-gcc, r-devel-linux-x86_64-fedora-clang, r-devel-linux-x86_64-fedora-gcc, r-devel-windows-x86_64, r-patched-linux-x86_64, r-release-linux-x86_64, r-release-macos-arm64, r-release-macos-x86_64, r-release-windows-x86_64