CRAN Package Check Results for Package spdep

Last updated on 2022-12-06 23:52:37 CET.

Flavor Version Tinstall Tcheck Ttotal Status Flags
r-devel-linux-x86_64-debian-clang 1.2-7 29.15 279.71 308.86 OK
r-devel-linux-x86_64-debian-gcc 1.2-7 20.21 207.71 227.92 OK
r-devel-linux-x86_64-fedora-clang 1.2-7 384.71 NOTE
r-devel-linux-x86_64-fedora-gcc 1.2-7 383.53 OK
r-devel-windows-x86_64 1.2-7 111.00 368.00 479.00 NOTE
r-patched-linux-x86_64 1.2-7 24.35 261.02 285.37 OK
r-release-linux-x86_64 1.2-7 20.85 259.79 280.64 OK
r-release-macos-arm64 1.2-7 117.00 NOTE
r-release-macos-x86_64 1.2-7 144.00 NOTE
r-release-windows-x86_64 1.2-7 125.00 377.00 502.00 NOTE
r-oldrel-macos-arm64 1.2-7 119.00 NOTE
r-oldrel-macos-x86_64 1.2-7 144.00 NOTE
r-oldrel-windows-ix86+x86_64 1.2-7 58.00 456.00 514.00 NOTE

Check Details

Version: 1.2-7
Check: installed package size
Result: NOTE
     installed size is 8.6Mb
     sub-directories of 1Mb or more:
     doc 5.8Mb
     etc 1.4Mb
Flavors: r-devel-linux-x86_64-fedora-clang, r-devel-windows-x86_64, r-release-macos-arm64, r-release-macos-x86_64, r-release-windows-x86_64, r-oldrel-macos-arm64, r-oldrel-macos-x86_64, r-oldrel-windows-ix86+x86_64