CRAN Package Check Results for Package spatsurv

Last updated on 2022-01-19 23:49:12 CET.

Flavor Version Tinstall Tcheck Ttotal Status Flags
r-devel-linux-x86_64-debian-clang 1.6 OK
r-devel-linux-x86_64-debian-gcc 1.6 43.35 335.36 378.71 OK
r-devel-linux-x86_64-fedora-clang 1.6 645.45 NOTE
r-devel-linux-x86_64-fedora-gcc 1.6 648.16 NOTE
r-devel-windows-x86_64-new-UL 1.6 205.00 439.00 644.00 OK
r-devel-windows-x86_64-new-TK 1.6 NOTE
r-patched-linux-x86_64 1.6 42.56 439.95 482.51 OK
r-release-linux-x86_64 1.6 OK
r-release-macos-arm64 1.6 OK
r-release-macos-x86_64 1.6 NOTE
r-release-windows-ix86+x86_64 1.6 102.00 465.00 567.00 OK
r-oldrel-macos-x86_64 1.6 NOTE
r-oldrel-windows-ix86+x86_64 1.6 106.00 471.00 577.00 OK

Check Details

Version: 1.6
Check: dependencies in R code
Result: NOTE
    Namespace in Imports field not imported from: ‘spatstat’
     All declared Imports should be used.
Flavors: r-devel-linux-x86_64-fedora-clang, r-devel-linux-x86_64-fedora-gcc, r-devel-windows-x86_64-new-TK, r-release-macos-x86_64, r-oldrel-macos-x86_64