Last updated on 2023-05-30 00:59:58 CEST.
Flavor | Version | Tinstall | Tcheck | Ttotal | Status | Flags |
---|---|---|---|---|---|---|
r-devel-linux-x86_64-debian-clang | 5.0-1 | 12.27 | 179.74 | 192.01 | NOTE | |
r-devel-linux-x86_64-debian-gcc | 5.0-1 | 9.49 | 134.67 | 144.16 | NOTE | |
r-devel-linux-x86_64-fedora-clang | 5.0-1 | 253.13 | NOTE | |||
r-devel-linux-x86_64-fedora-gcc | 5.0-1 | 232.69 | NOTE | |||
r-devel-windows-x86_64 | 5.0-1 | 13.00 | 160.00 | 173.00 | NOTE | |
r-patched-linux-x86_64 | 5.0-1 | 10.93 | 174.09 | 185.02 | NOTE | |
r-release-linux-x86_64 | 5.0-1 | 9.19 | 171.79 | 180.98 | NOTE | |
r-release-macos-arm64 | 5.0-1 | 71.00 | NOTE | |||
r-release-macos-x86_64 | 5.0-1 | 116.00 | NOTE | |||
r-release-windows-x86_64 | 5.0-1 | 18.00 | 192.00 | 210.00 | NOTE | |
r-oldrel-macos-arm64 | 5.0-1 | 66.00 | NOTE | |||
r-oldrel-macos-x86_64 | 5.0-1 | 101.00 | NOTE | |||
r-oldrel-windows-x86_64 | 5.0-1 | 17.00 | 190.00 | 207.00 | NOTE |
Version: 5.0-1
Check: package dependencies
Result: NOTE
Depends: includes the non-default packages:
'spatstat.data', 'spatstat.sparse', 'spatstat.geom',
'spatstat.random', 'spatstat.explore', 'spatstat.model', 'spatstat'
Adding so many packages to the search path is excessive and importing
selectively is preferable.
Flavors: r-devel-linux-x86_64-debian-clang, r-devel-linux-x86_64-debian-gcc, r-devel-linux-x86_64-fedora-clang, r-devel-linux-x86_64-fedora-gcc, r-devel-windows-x86_64, r-patched-linux-x86_64, r-release-linux-x86_64, r-release-macos-arm64, r-release-macos-x86_64, r-release-windows-x86_64, r-oldrel-macos-arm64, r-oldrel-macos-x86_64, r-oldrel-windows-x86_64