CRAN Package Check Results for Package spatstat

Last updated on 2020-12-02 23:51:17 CET.

Flavor Version Tinstall Tcheck Ttotal Status Flags
r-devel-linux-x86_64-debian-clang 1.64-1 174.89 1035.98 1210.87 OK --no-tests
r-devel-linux-x86_64-debian-gcc 1.64-1 139.14 766.24 905.38 OK --no-tests
r-devel-linux-x86_64-fedora-clang 1.64-1 1916.43 NOTE
r-devel-linux-x86_64-fedora-gcc 1.64-1 2000.80 OK
r-devel-windows-ix86+x86_64 1.64-1 364.00 432.00 796.00 NOTE --no-examples --no-tests --no-vignettes
r-patched-linux-x86_64 1.64-1 153.40 979.59 1132.99 OK --no-tests
r-patched-solaris-x86 1.64-1 2436.60 NOTE
r-release-linux-x86_64 1.64-1 153.88 978.65 1132.53 OK --no-tests
r-release-macos-x86_64 1.64-1 NOTE
r-release-windows-ix86+x86_64 1.64-1 280.00 563.00 843.00 NOTE --no-examples --no-tests --no-vignettes
r-oldrel-macos-x86_64 1.64-1 NOTE
r-oldrel-windows-ix86+x86_64 1.64-1 286.00 540.00 826.00 NOTE --no-examples --no-tests --no-vignettes

Check Details

Version: 1.64-1
Check: installed package size
Result: NOTE
     installed size is 19.9Mb
     sub-directories of 1Mb or more:
     R 5.3Mb
     doc 6.1Mb
     help 5.3Mb
     libs 2.2Mb
Flavors: r-devel-linux-x86_64-fedora-clang, r-patched-solaris-x86, r-release-macos-x86_64, r-oldrel-macos-x86_64

Version: 1.64-1
Flags: --no-examples --no-tests --no-vignettes
Check: installed package size
Result: NOTE
     installed size is 18.9Mb
     sub-directories of 1Mb or more:
     R 5.3Mb
     doc 6.0Mb
     help 5.3Mb
     libs 1.3Mb
Flavors: r-devel-windows-ix86+x86_64, r-release-windows-ix86+x86_64, r-oldrel-windows-ix86+x86_64

Version: 1.64-1
Check: dependencies in R code
Result: NOTE
    No protocol specified
    No protocol specified
Flavor: r-oldrel-macos-x86_64